{"id":72671,"date":"2021-04-10T13:41:12","date_gmt":"2021-04-10T11:41:12","guid":{"rendered":"https:\/\/www.villagreta.pl\/grety\/"},"modified":"2026-08-09T09:53:49","modified_gmt":"2026-08-09T07:53:49","slug":"grety","status":"publish","type":"page","link":"https:\/\/www.villagreta.pl\/cs\/pokoje\/grety\/","title":{"rendered":"Pokoj Grety"},"content":{"rendered":"<ul>\n<li>rodinn\u00fd pokoj pro 4 osoby s mo\u017enost\u00ed ubytov\u00e1n\u00ed 6 osob<\/li>\n<li>lo\u017enice rodi\u010d\u016f, pr\u016fchoz\u00ed lo\u017enice d\u011bt\u00ed, koupelna<\/li>\n<li>4 postele 90\/200 cm, d\u011btsk\u00e1 post\u00fdlka s povle\u010den\u00edm<\/li>\n<li>mo\u017en\u00e9 p\u0159ist\u00fdlky: rozkl\u00e1dac\u00ed pohovka 160\/200 cm + l\u016f\u017eko 90\/200 cm<\/li>\n<li>ru\u010dn\u00edky, f\u00e9n<\/li>\n<li>Wi-Fi 40 Mb\/s (optick\u00e9 vl\u00e1kno)<\/li>\n<li>okna sm\u011brem na dv\u016fr a panoramatick\u00fd v\u00fdhled na vesnici; na v\u00fdchod a sever<\/li>\n<li>prvn\u00ed patro ve Ville Greta<\/li>\n<\/ul>\n","protected":false},"excerpt":{"rendered":"<p>rodinn\u00fd pokoj pro 4 osoby s mo\u017enost\u00ed ubytov\u00e1n\u00ed 6 osob lo\u017enice rodi\u010d\u016f, pr\u016fchoz\u00ed lo\u017enice d\u011bt\u00ed, koupelna 4 postele 90\/200 cm, d\u011btsk\u00e1 post\u00fdlka s povle\u010den\u00edm mo\u017en\u00e9 p\u0159ist\u00fdlky: rozkl\u00e1dac\u00ed pohovka 160\/200 cm + l\u016f\u017eko 90\/200 cm ru\u010dn\u00edky, f\u00e9n Wi-Fi 40 Mb\/s (optick\u00e9 vl\u00e1kno) okna sm\u011brem na dv\u016fr a panoramatick\u00fd v\u00fdhled na vesnici; na v\u00fdchod a sever prvn\u00ed&#8230;<\/p>\n","protected":false},"author":1,"featured_media":72673,"parent":73064,"menu_order":8,"comment_status":"closed","ping_status":"closed","template":"","meta":{"_acf_changed":false,"_seopress_titles_title":"Pokoj Grety | Rodinn\u00fd se 2 lo\u017enicemi | Cen\u00edk | Doln\u00ed Slezsko","_seopress_titles_desc":"Rodinn\u00fd pokoj | Villa Greta v Doln\u00edm Slezsku | Dv\u011b lo\u017enice a koupelna | Pro 4, 5 nebo 6 osob | 4 l\u016f\u017eka, pohovka a d\u011btsk\u00e1 post\u00fdlka | Pokoj pro rodinu","_seopress_robots_index":"","_seopress_robots_follow":"","_seopress_robots_imageindex":"","_seopress_robots_snippet":"","_seopress_robots_primary_cat":"","_seopress_robots_breadcrumbs":"","_seopress_robots_freeze_modified_date":"","_seopress_robots_custom_modified_date":"","_seopress_robots_canonical":"","_seopress_social_fb_title":"","_seopress_social_fb_desc":"","_seopress_social_fb_img":"","_seopress_social_fb_img_attachment_id":0,"_seopress_social_fb_img_width":0,"_seopress_social_fb_img_height":0,"_seopress_social_twitter_title":"","_seopress_social_twitter_desc":"","_seopress_social_twitter_img":"","_seopress_social_twitter_img_attachment_id":0,"_seopress_social_twitter_img_width":0,"_seopress_social_twitter_img_height":0,"_seopress_redirections_value":"","_seopress_redirections_enabled":"","_seopress_redirections_enabled_regex":"","_seopress_redirections_logged_status":"oboj\u00ed","_seopress_redirections_param":"","_seopress_redirections_type":301,"_seopress_analysis_target_kw":"","_seopress_news_disabled":"","_seopress_video_disabled":"","_seopress_video":[],"_seopress_pro_schemas_manual":[],"_seopress_pro_rich_snippets_disable_all":"","_seopress_pro_rich_snippets_disable":[],"_seopress_pro_schemas":[],"inline_featured_image":false,"footnotes":""},"vg_page_category":[139],"class_list":["post-72671","page","type-page","status-publish","has-post-thumbnail","vg_page_category-rodzinny"],"acf":{"p_cena_sw":500,"p_cena_sn":"","p_ilosc_osob":"4","p_lozka":4,"p_lozka_podwojne":"","p_powierzchnia":52,"p_polozenie":"Villa Greta, prvn\u00ed patro","p_typ":"rodzinny","p_dodatki_aneks":false,"p_rzut":72682},"_links":{"self":[{"href":"https:\/\/www.villagreta.pl\/cs\/wp-json\/wp\/v2\/pages\/72671","targetHints":{"allow":["GET"]}}],"collection":[{"href":"https:\/\/www.villagreta.pl\/cs\/wp-json\/wp\/v2\/pages"}],"about":[{"href":"https:\/\/www.villagreta.pl\/cs\/wp-json\/wp\/v2\/types\/page"}],"author":[{"embeddable":true,"href":"https:\/\/www.villagreta.pl\/cs\/wp-json\/wp\/v2\/users\/1"}],"replies":[{"embeddable":true,"href":"https:\/\/www.villagreta.pl\/cs\/wp-json\/wp\/v2\/comments?post=72671"}],"version-history":[{"count":0,"href":"https:\/\/www.villagreta.pl\/cs\/wp-json\/wp\/v2\/pages\/72671\/revisions"}],"up":[{"embeddable":true,"href":"https:\/\/www.villagreta.pl\/cs\/wp-json\/wp\/v2\/pages\/73064"}],"wp:featuredmedia":[{"embeddable":true,"href":"https:\/\/www.villagreta.pl\/cs\/wp-json\/wp\/v2\/media\/72673"}],"wp:attachment":[{"href":"https:\/\/www.villagreta.pl\/cs\/wp-json\/wp\/v2\/media?parent=72671"}],"wp:term":[{"taxonomy":"vg_page_category","embeddable":true,"href":"https:\/\/www.villagreta.pl\/cs\/wp-json\/wp\/v2\/vg_page_category?post=72671"}],"curies":[{"name":"wp","href":"https:\/\/api.w.org\/{rel}","templated":true}]}}

<ul>
<li>rodinný pokoj pro 4 osoby s možností ubytování 6 osob</li>
<li>ložnice rodičů, průchozí ložnice dětí, koupelna</li>
<li>4 postele 90/200 cm, dětská postýlka s povlečením</li>
<li>možné přistýlky: rozkládací pohovka 160/200 cm + lůžko 90/200 cm</li>
<li>ručníky, fén</li>
<li>Wi-Fi 40 Mb/s (optické vlákno)</li>
<li>okna směrem na dvůr a panoramatický výhled na vesnici; na východ a sever</li>
<li>první patro ve Ville Greta</li>
</ul>

<p>rodinný pokoj pro 4 osoby s možností ubytování 6 osob ložnice rodičů, průchozí ložnice dětí, koupelna 4 postele 90/200 cm, dětská postýlka s povlečením možné přistýlky: rozkládací pohovka 160/200 cm + lůžko 90/200 cm ručníky, fén Wi-Fi 40 Mb/s (optické vlákno) okna směrem na dvůr a panoramatický výhled na vesnici; na východ a sever první&#8230;</p>

Pokoj Grety | Rodinný se 2 ložnicemi | Ceník | Dolní Slezsko

Rodinný pokoj | Villa Greta v Dolním Slezsku | Dvě ložnice a koupelna | Pro 4, 5 nebo 6 osob | 4 lůžka, pohovka a dětská postýlka | Pokoj pro rodinu

obojí

Villa Greta, první patro
