{"id":73696,"date":"2023-01-10T12:31:52","date_gmt":"2023-01-10T11:31:52","guid":{"rendered":"https:\/\/www.villagreta.pl\/pokoje\/dom-w-sadzie\/"},"modified":"2026-08-09T10:01:46","modified_gmt":"2026-08-09T08:01:46","slug":"dom-w-sadzie","status":"publish","type":"page","link":"https:\/\/www.villagreta.pl\/cs\/pokoje\/dom-w-sadzie\/","title":{"rendered":"D\u016fm v Sadu"},"content":{"rendered":"<section class=\"l-section wpb_row height_custom\"><div class=\"l-section-h i-cf\"><div class=\"g-cols vc_row via_grid cols_1 laptops-cols_inherit tablets-cols_inherit mobiles-cols_1 valign_top type_default stacking_default\"><div class=\"wpb_column vc_column_container\"><div class=\"vc_column-inner\"><div class=\"wpb_text_column\"><div class=\"wpb_wrapper\"><p><a href=\"https:\/\/www.villagreta.pl\/cs\/rezervace\/?rez=nocleg&#038;p=Dom%20w%20Sadzie\">Rezervuj ubytov\u00e1n\u00ed<\/a>.<\/p>\n<p>D\u016fm v Sadu je ur\u010den pro 8 osob (a\u017e 11 s p\u0159ist\u00fdlkami).<\/p>\n<p>Skl\u00e1d\u00e1 se z:<\/p>\n<ul>\n<li>4 dvoul\u016f\u017ekov\u00fdch lo\u017enic<br \/>\n\u2013 lo\u017enice I v p\u0159\u00edzem\u00ed s postel\u00ed 160\/200 cm, s bezbari\u00e9rov\u00fdm p\u0159\u00edstupem<br \/>\n\u2013 lo\u017enice II v pat\u0159e s postel\u00ed 160\/200 cm, s balkonem a vanou s v\u00fdhledem na jablo\u0148 na kopci<br \/>\n\u2013 lo\u017enice III v pat\u0159e se 2 postelemi 90\/200 cm<br \/>\n\u2013 lo\u017enice IV v pat\u0159e se 2 postelemi 90\/200 cm<\/li>\n<li>2 koupelen:<br \/>\n\u2013 koupelna v p\u0159\u00edzem\u00ed s bezbari\u00e9rov\u00fdm p\u0159\u00edstupem<br \/>\n\u2013 koupelna v pat\u0159e<\/li>\n<li>ob\u00fdvac\u00edho pokoje s krbem, dob\u0159e vybaven\u00e9 kuchyn\u011b<\/li>\n<li>terasy<\/li>\n<\/ul>\n<p>Mo\u017en\u00e9 p\u0159ist\u00fdlky:<\/p>\n<ul>\n<li>3\u00d7 postel 90\/200 cm<\/li>\n<\/ul>\n<p>Ob\u00fdvac\u00ed pokoj, lo\u017enice a koupelna v p\u0159\u00edzem\u00ed jsou p\u0159izp\u016fsobeny pro osoby na voz\u00edku.<\/p>\n<p><a href=\"https:\/\/www.villagreta.pl\/cs\/restaurace\/\">Slow food restaurace<\/a> Villa Greta je vzd\u00e1len\u00e1 cca 50 m od Domu v Sadu. Pod\u00edvej se na <a href=\"https:\/\/www.villagreta.pl\/cs\/restaurace\/aktualne-menu\/\">dne\u0161n\u00ed menu<\/a>.  <\/p>\n<p>D\u016fm je EKO:<\/p>\n<ul>\n<li>hlin\u011bn\u00e9 om\u00edtky a barvy<\/li>\n<li>konstrukce, podlahy, okna d\u0159ev\u011bn\u00e9<\/li>\n<li>izolace: celul\u00f3za<\/li>\n<li>vyt\u00e1p\u011bn\u00ed: tepeln\u00e9 \u010derpadlo plus alternativn\u011b krb<\/li>\n<li>d\u016fm m\u00e1 rekuperaci<\/li>\n<li>rychlost WiFi p\u0159es 250 Mb\/s<\/li>\n<\/ul>\n<p>Pod\u00edvej se na dal\u0161\u00ed <a href=\"https:\/\/www.villagreta.pl\/cs\/pokoje\/\">pokoje a apartm\u00e1ny<\/a> ve Ville Greta.<\/p>\n<hr>\n<p>Vybaven\u00ed kuchyn\u011b:<\/p>\n<ul>\n<li>velk\u00e1 lednice s mraz\u00e1kem<\/li>\n<li>trouba, 4ho\u0159\u00e1kov\u00fd spor\u00e1k<\/li>\n<li>hrnce, p\u00e1nve, n\u00e1dob\u00ed, p\u0159\u00edbory<\/li>\n<\/ul>\n<\/div><\/div><\/div><\/div><\/div><\/div><\/section>\n","protected":false},"excerpt":{"rendered":"Rezervuj ubytov\u00e1n\u00ed. D\u016fm v Sadu je ur\u010den pro 8 osob (a\u017e 11 s p\u0159ist\u00fdlkami). Skl\u00e1d\u00e1 se z: 4 dvoul\u016f\u017ekov\u00fdch lo\u017enic \u2013 lo\u017enice I v p\u0159\u00edzem\u00ed s postel\u00ed 160\/200 cm, s bezbari\u00e9rov\u00fdm p\u0159\u00edstupem \u2013 lo\u017enice II v pat\u0159e s postel\u00ed 160\/200 cm, s balkonem a vanou s v\u00fdhledem na jablo\u0148 na kopci \u2013 lo\u017enice III v...","protected":false},"author":1,"featured_media":73718,"parent":73064,"menu_order":0,"comment_status":"closed","ping_status":"closed","template":"","meta":{"_acf_changed":false,"_seopress_titles_title":"D\u016fm v Sadu | 4 lo\u017enice | Ob\u00fdvac\u00ed pokoj a kuchy\u0148 | Terasa a balkon","_seopress_titles_desc":"D\u016fm v sadu | S v\u00fdhledem | Bezbari\u00e9rov\u00fd p\u0159\u00edstup | Nejvy\u0161\u0161\u00ed kvalita | S terasou a balkonem | 120 m2 | 50 m od restaurace","_seopress_robots_index":"","_seopress_robots_follow":"","_seopress_robots_imageindex":"","_seopress_robots_snippet":"","_seopress_robots_primary_cat":"","_seopress_robots_breadcrumbs":"","_seopress_robots_freeze_modified_date":"","_seopress_robots_custom_modified_date":"","_seopress_robots_canonical":"","_seopress_social_fb_title":"","_seopress_social_fb_desc":"","_seopress_social_fb_img":"","_seopress_social_fb_img_attachment_id":0,"_seopress_social_fb_img_width":0,"_seopress_social_fb_img_height":0,"_seopress_social_twitter_title":"","_seopress_social_twitter_desc":"","_seopress_social_twitter_img":"","_seopress_social_twitter_img_attachment_id":0,"_seopress_social_twitter_img_width":0,"_seopress_social_twitter_img_height":0,"_seopress_redirections_value":"","_seopress_redirections_enabled":"","_seopress_redirections_enabled_regex":"","_seopress_redirections_logged_status":"Oboj\u00ed","_seopress_redirections_param":"","_seopress_redirections_type":301,"_seopress_analysis_target_kw":"","_seopress_news_disabled":"","_seopress_video_disabled":"","_seopress_video":[],"_seopress_pro_schemas_manual":[],"_seopress_pro_rich_snippets_disable_all":"","_seopress_pro_rich_snippets_disable":[],"_seopress_pro_schemas":[],"inline_featured_image":false,"footnotes":""},"vg_page_category":[140],"class_list":["post-73696","page","type-page","status-publish","has-post-thumbnail","vg_page_category-dom"],"acf":{"p_cena_sw":1700,"p_cena_sn":"","p_ilosc_osob":"8","p_lozka":4,"p_lozka_podwojne":2,"p_powierzchnia":110,"p_polozenie":"V sadu","p_typ":"dom-w-sadzie","p_dodatki_aneks":true,"p_rzut":73697},"_links":{"self":[{"href":"https:\/\/www.villagreta.pl\/cs\/wp-json\/wp\/v2\/pages\/73696","targetHints":{"allow":["GET"]}}],"collection":[{"href":"https:\/\/www.villagreta.pl\/cs\/wp-json\/wp\/v2\/pages"}],"about":[{"href":"https:\/\/www.villagreta.pl\/cs\/wp-json\/wp\/v2\/types\/page"}],"author":[{"embeddable":true,"href":"https:\/\/www.villagreta.pl\/cs\/wp-json\/wp\/v2\/users\/1"}],"replies":[{"embeddable":true,"href":"https:\/\/www.villagreta.pl\/cs\/wp-json\/wp\/v2\/comments?post=73696"}],"version-history":[{"count":0,"href":"https:\/\/www.villagreta.pl\/cs\/wp-json\/wp\/v2\/pages\/73696\/revisions"}],"up":[{"embeddable":true,"href":"https:\/\/www.villagreta.pl\/cs\/wp-json\/wp\/v2\/pages\/73064"}],"wp:featuredmedia":[{"embeddable":true,"href":"https:\/\/www.villagreta.pl\/cs\/wp-json\/wp\/v2\/media\/73718"}],"wp:attachment":[{"href":"https:\/\/www.villagreta.pl\/cs\/wp-json\/wp\/v2\/media?parent=73696"}],"wp:term":[{"taxonomy":"vg_page_category","embeddable":true,"href":"https:\/\/www.villagreta.pl\/cs\/wp-json\/wp\/v2\/vg_page_category?post=73696"}],"curies":[{"name":"wp","href":"https:\/\/api.w.org\/{rel}","templated":true}]}}

Dům v Sadu

<section class="l-section wpb_row height_custom"><div class="l-section-h i-cf"><div class="g-cols vc_row via_grid cols_1 laptops-cols_inherit tablets-cols_inherit mobiles-cols_1 valign_top type_default stacking_default"><div class="wpb_column vc_column_container"><div class="vc_column-inner"><div class="wpb_text_column"><div class="wpb_wrapper"><p><a href="https://www.villagreta.pl/cs/rezervace/?rez=nocleg&#038;p=Dom%20w%20Sadzie">Rezervuj ubytování</a>.</p>
<p>Dům v Sadu je určen pro 8 osob (až 11 s přistýlkami).</p>
<p>Skládá se z:</p>
<ul>
<li>4 dvoulůžkových ložnic<br />
– ložnice I v přízemí s postelí 160/200 cm, s bezbariérovým přístupem<br />
– ložnice II v patře s postelí 160/200 cm, s balkonem a vanou s výhledem na jabloň na kopci<br />
– ložnice III v patře se 2 postelemi 90/200 cm<br />
– ložnice IV v patře se 2 postelemi 90/200 cm</li>
<li>2 koupelen:<br />
– koupelna v přízemí s bezbariérovým přístupem<br />
– koupelna v patře</li>
<li>obývacího pokoje s krbem, dobře vybavené kuchyně</li>
<li>terasy</li>
</ul>
<p>Možné přistýlky:</p>
<ul>
<li>3× postel 90/200 cm</li>
</ul>
<p>Obývací pokoj, ložnice a koupelna v přízemí jsou přizpůsobeny pro osoby na vozíku.</p>
<p><a href="https://www.villagreta.pl/cs/restaurace/">Slow food restaurace</a> Villa Greta je vzdálená cca 50 m od Domu v Sadu. Podívej se na <a href="https://www.villagreta.pl/cs/restaurace/aktualne-menu/">dnešní menu</a>.  </p>
<p>Dům je EKO:</p>
<ul>
<li>hliněné omítky a barvy</li>
<li>konstrukce, podlahy, okna dřevěné</li>
<li>izolace: celulóza</li>
<li>vytápění: tepelné čerpadlo plus alternativně krb</li>
<li>dům má rekuperaci</li>
<li>rychlost WiFi přes 250 Mb/s</li>
</ul>
<p>Podívej se na další <a href="https://www.villagreta.pl/cs/pokoje/">pokoje a apartmány</a> ve Ville Greta.</p>
<hr>
<p>Vybavení kuchyně:</p>
<ul>
<li>velká lednice s mrazákem</li>
<li>trouba, 4hořákový sporák</li>
<li>hrnce, pánve, nádobí, příbory</li>
</ul>
</div></div></div></div></div></div></section>

Rezervuj ubytování. Dům v Sadu je určen pro 8 osob (až 11 s přistýlkami). Skládá se z: 4 dvoulůžkových ložnic – ložnice I v přízemí s postelí 160/200 cm, s bezbariérovým přístupem – ložnice II v patře s postelí 160/200 cm, s balkonem a vanou s výhledem na jabloň na kopci – ložnice III v...

Dům v Sadu | 4 ložnice | Obývací pokoj a kuchyň | Terasa a balkon

Dům v sadu | S výhledem | Bezbariérový přístup | Nejvyšší kvalita | S terasou a balkonem | 120 m2 | 50 m od restaurace

Obojí
