{"id":73790,"date":"2021-04-10T21:44:49","date_gmt":"2021-04-10T19:44:49","guid":{"rendered":"https:\/\/www.villagreta.pl\/hotel-villa-greta\/"},"modified":"2026-08-09T09:59:01","modified_gmt":"2026-08-09T07:59:01","slug":"hotel-villa-greta","status":"publish","type":"page","link":"https:\/\/www.villagreta.pl\/cs\/hotel-villa-greta\/","title":{"rendered":"Historie Villy Greta"},"content":{"rendered":"<section class=\"l-section wpb_row height_custom\"><div class=\"l-section-h i-cf\"><div class=\"g-cols vc_row via_grid cols_2 laptops-cols_inherit tablets-cols_inherit mobiles-cols_1 valign_top type_default stacking_default\" style=\"--columns-gap:5vw;\"><div class=\"wpb_column vc_column_container us_custom_d26eb4ca has_bg_color\"><div class=\"vc_column-inner\"><div class=\"w-image us_custom_dcab56b3 align_none\"><div class=\"w-image-h\"><img decoding=\"async\" width=\"200\" height=\"128\" src=\"https:\/\/media.villagreta.pl\/wazne_info_deko2.png\" class=\"attachment-full size-full\" alt=\"\" loading=\"lazy\" \/><\/div><\/div><div class=\"w-text upper-title\"><span class=\"w-text-h\"><span class=\"w-text-value\">Odkud n\u00e1zev Villa Greta?<\/span><\/span><\/div><div class=\"wpb_text_column us_custom_39592840\"><div class=\"wpb_wrapper\"><h2>Historie vzniku penzionu<\/h2>\n<p>Zveme t\u011b na kr\u00e1tkou cestu \u010dasem.<\/p>\n<\/div><\/div><\/div><\/div><div class=\"wpb_column vc_column_container\"><div class=\"vc_column-inner\"><div class=\"w-image align_center meta_simple\"><div class=\"w-image-h\"><img decoding=\"async\" width=\"860\" height=\"691\" src=\"https:\/\/media.villagreta.pl\/rodzinne.jpg\" class=\"attachment-full size-full\" alt=\"Agnes a Paul Wittwer\" loading=\"lazy\" \/><\/div><div class=\"w-image-meta\"><div class=\"w-image-title\">Agnes a Paul Wittwer \u2013 prad\u011bdov\u00e9 majitel\u016f Villy Greta.<\/div><\/div><\/div><\/div><\/div><\/div><\/div><\/section><section class=\"l-section wpb_row height_auto\"><div class=\"l-section-h i-cf\"><div class=\"g-cols vc_row via_grid cols_1 laptops-cols_inherit tablets-cols_inherit mobiles-cols_1 valign_top type_default stacking_default\"><div class=\"wpb_column vc_column_container us_custom_6494a965\"><div class=\"vc_column-inner\"><div class=\"wpb_text_column\"><div class=\"wpb_wrapper\"><p>Hospod\u00e1\u0159stv\u00ed koncem 19. stolet\u00ed p\u0159e\u0161lo do vlastnictv\u00ed rodiny Paula a Agnes Wittwer.<br \/>\nM\u011bli 12 d\u011bt\u00ed. Mimo jin\u00e9 dceru Margaretu. Po 2. sv\u011btov\u00e9 v\u00e1lce se Doln\u00ed Slezsko ocitlo v hranic\u00edch Polska a N\u011bmka Greta se zamilovala do polsk\u00e9ho <a href=\"https:\/\/pl.wikipedia.org\/wiki\/Operacja_polska_NKWD_(1937%E2%80%931938)\" target=\"_blank\" rel=\"noopener noreferrer\">voj\u00e1ka \u2013 Sibi\u0159ana<\/a> \u2013 Janka Kowalsk\u00e9ho. Zat\u00edmco cel\u00e1 Gretina rodina byla <a href=\"https:\/\/pl.wikipedia.org\/wiki\/Wysiedlenia_Niemc%C3%B3w_po_II_wojnie_%C5%9Bwiatowej\" target=\"_blank\" rel=\"noopener noreferrer\">vys\u00eddlena do N\u011bmecka<\/a>, Janek ukryl svou vyvolenou na p\u016fd\u011b u p\u0159\u00e1tel v sousedn\u00ed vesnici a odjel do Var\u0161avy z\u00edskat povolen\u00ed ke s\u0148atku s N\u011bmkou.<br \/>\nPoda\u0159ilo se.<\/p>\n<\/div><\/div><div class=\"w-image us_custom_502f64fe align_center meta_simple\"><div class=\"w-image-h\"><img decoding=\"async\" width=\"860\" height=\"650\" src=\"https:\/\/media.villagreta.pl\/villa-greta-polen.jpg\" class=\"attachment-full size-full\" alt=\"Greta Wittwer a Janek Kowalski\" loading=\"lazy\" \/><\/div><div class=\"w-image-meta\"><div class=\"w-image-title\">Greta Wittwer a Janek Kowalski. Prarodi\u010de majitel\u016f Villy Greta.<\/div><\/div><\/div><div class=\"wpb_text_column\"><div class=\"wpb_wrapper\"><p>Usadili se v rodinn\u00e9m dom\u011b Wittwerov\u00fdch. Janek a Greta Kowal\u0161t\u00ed \u017eili dlouho a \u0161\u0165astn\u011b. Do\u010dkali se p\u011bti d\u011bt\u00ed a spousty vnou\u010dat. Jedn\u00edm z nich jsem j\u00e1, Krzysiek Rozp\u0119dowski. N\u00e1zev domu \u201eVilla Greta\u201c je tedy vzpom\u00ednkou na <strong>babi\u010dku Gretu.<\/strong><\/p>\n<\/div><\/div><\/div><\/div><\/div><\/div><\/section><section class=\"l-section wpb_row height_custom\"><div class=\"l-section-h i-cf\"><div class=\"g-cols vc_row via_grid cols_1 laptops-cols_inherit tablets-cols_inherit mobiles-cols_1 valign_middle type_default stacking_default\" style=\"--columns-gap:;\"><div class=\"wpb_column vc_column_container\"><div class=\"vc_column-inner\"><div class=\"g-cols wpb_row us_custom_2c72b774 via_grid cols_2 laptops-cols_inherit tablets-cols_inherit mobiles-cols_1 valign_top type_default stacking_default\" style=\"--columns-gap:32px;\"><div class=\"wpb_column vc_column_container\"><div class=\"vc_column-inner\"><div class=\"w-image align_center meta_simple\"><div class=\"w-image-h\"><img decoding=\"async\" width=\"600\" height=\"434\" src=\"https:\/\/media.villagreta.pl\/villa-greta-kleinhelmsdorf.jpg\" class=\"attachment-full size-full\" alt=\"Villa Greta\" loading=\"lazy\" \/><\/div><div class=\"w-image-meta\"><div class=\"w-image-title\">Villa Greta v roce 1912. Je\u0161t\u011b v Kleinhelmsdorfu. Tak se p\u0159ed v\u00e1lkou jmenoval Dobk\u00f3w.<\/div><\/div><\/div><\/div><\/div><div class=\"wpb_column vc_column_container\"><div class=\"vc_column-inner\"><div class=\"w-image align_center meta_simple\"><div class=\"w-image-h\"><img decoding=\"async\" width=\"600\" height=\"434\" src=\"https:\/\/media.villagreta.pl\/villa-greta-dobkow.jpg\" class=\"attachment-full size-full\" alt=\"Villa Greta\" loading=\"lazy\" \/><\/div><div class=\"w-image-meta\"><div class=\"w-image-title\">Villa Greta v roce 2007. U\u017e ve vesnici Dobk\u00f3w.<\/div><\/div><\/div><\/div><\/div><\/div><div class=\"g-cols wpb_row us_custom_6a2e7e2d via_grid cols_2-1 laptops-cols_inherit tablets-cols_inherit mobiles-cols_1 valign_middle type_default stacking_default\" style=\"--columns-gap:32px;\"><div class=\"wpb_column vc_column_container us_custom_687446a6 round-corners has_bg_color\"><div class=\"vc_column-inner\"><div class=\"w-text upper-title\"><span class=\"w-text-h\"><span class=\"w-text-value\">Poj\u010fme se poznat<\/span><\/span><\/div><div class=\"wpb_text_column\"><div class=\"wpb_wrapper\"><h2 style=\"text-align: left;\">Kdo jsme?<\/h2>\n<p style=\"text-align: left;\">Svou \u017eenu Ewelinu jsem poznal na cest\u00e1ch. Potkali jsme se na n\u00e1dra\u017e\u00ed v <a title=\"Quetta P\u00e1kist\u00e1n\" href=\"https:\/\/pl.wikipedia.org\/wiki\/Kweta\" target=\"_blank\" rel=\"nofollow noopener noreferrer\">Quett\u011b<\/a> v P\u00e1kist\u00e1nu. <\/p>\n<p style=\"text-align: left;\">Od t\u00e9 doby cestujeme spole\u010dn\u011b. Ne\u017e jsme se p\u0159esv\u011bd\u010dili, \u017ee Polsko je opravdu kr\u00e1sn\u00e9, nav\u0161t\u00edvili jsme mnoho zem\u00ed na n\u011bkolika kontinentech. <\/p>\n<p>Po dokon\u010den\u00ed studia jsme se rozhodli vyu\u017e\u00edt na\u0161e zku\u0161enosti a vytvo\u0159it m\u00edsto, kde \u010dlov\u011bk c\u00edt\u00ed bl\u00edzkost p\u0159\u00edrody, ovl\u00e1dnut\u00fd magi\u00ed m\u00edsta, magi\u00ed tradic\u2026<\/p>\n<\/div><\/div><\/div><\/div><div class=\"wpb_column vc_column_container us_custom_4af741be round-corners\"><div class=\"vc_column-inner\"><div class=\"w-image align_center meta_modern\"><div class=\"w-image-h\"><img decoding=\"async\" width=\"573\" height=\"860\" src=\"https:\/\/media.villagreta.pl\/rozpedowscy_1.jpg\" class=\"attachment-full size-full\" alt=\"Ewelina i Krzysztof Rozp\u0119dowscy\" loading=\"lazy\" \/><div class=\"w-image-meta\"><div class=\"w-image-title\">Ewelina i Krzysztof Rozp\u0119dowscy.<\/div><\/div><\/div><\/div><\/div><\/div><\/div><div class=\"g-cols wpb_row via_grid cols_2 laptops-cols_inherit tablets-cols_inherit mobiles-cols_1 valign_middle type_default stacking_default\" style=\"--columns-gap:32px;\"><div class=\"wpb_column vc_column_container us_custom_4af741be round-corners\"><div class=\"vc_column-inner\"><div class=\"w-image align_center meta_modern\"><div class=\"w-image-h\"><img decoding=\"async\" width=\"860\" height=\"573\" src=\"https:\/\/media.villagreta.pl\/rodzina_villa_greta_1.jpg\" class=\"attachment-full size-full\" alt=\"Rodina Rozp\u0119dowsk\u00fdch\" loading=\"lazy\" srcset=\"https:\/\/media.villagreta.pl\/rodzina_villa_greta_1.jpg 860w, https:\/\/media.villagreta.pl\/rodzina_villa_greta_1-600x400.jpg 600w, https:\/\/media.villagreta.pl\/rodzina_villa_greta_1-300x200.jpg 300w\" sizes=\"auto, (max-width: 860px) 100vw, 860px\" \/><div class=\"w-image-meta\"><div class=\"w-image-title\">To jsme my! Cel\u00e1 rodina Rozp\u0119dowsk\u00fdch :)<\/div><\/div><\/div><\/div><\/div><\/div><div class=\"wpb_column vc_column_container us_custom_687446a6 round-corners has_bg_color\"><div class=\"vc_column-inner\"><div class=\"wpb_text_column\"><div class=\"wpb_wrapper\"><section class=\"av_textblock_section \">\n<div class=\"avia_textblock \">\n<p>Vytvo\u0159ili jsme penzion a <a href=\"https:\/\/www.villagreta.pl\/cs\/restaurace\/\">restauraci<\/a> Villa Greta. Prvn\u00ed hosty jsme p\u0159ijali v roce 2005. Od t\u00e9 doby se toho hodn\u011b zm\u011bnilo.  <\/p>\n<p>Asi nejd\u016fle\u017eit\u011bj\u0161\u00ed zm\u011bnou byl p\u0159\u00edchod d\u011bt\u00ed do na\u0161eho \u017eivota: Tosi v roce 2007 a Tymka v roce 2010. Od t\u00e9 doby se sna\u017e\u00edme, aby n\u00e1\u0161 d\u016fm byl \u00fato\u010di\u0161t\u011bm <a title=\"Pro rodiny s d\u011btmi\" href=\"https:\/\/www.villagreta.pl\/cs\/cel-podrozy\/wakacje-z-dziecmi\/\">pro rodiny s d\u011btmi<\/a>.  <\/p>\n<\/div>\n<\/section>\n<p><strong> <\/strong><\/p>\n<\/div><\/div><\/div><\/div><\/div><div class=\"w-image us_custom_1a6ba431 align_center\"><div class=\"w-image-h\"><img decoding=\"async\" width=\"1300\" height=\"867\" src=\"https:\/\/media.villagreta.pl\/rozpedowscy_villa_greta_2.jpg\" class=\"attachment-full size-full\" alt=\"Ewelina a Kris\" loading=\"lazy\" srcset=\"https:\/\/media.villagreta.pl\/rozpedowscy_villa_greta_2.jpg 1300w, https:\/\/media.villagreta.pl\/rozpedowscy_villa_greta_2-600x400.jpg 600w, https:\/\/media.villagreta.pl\/rozpedowscy_villa_greta_2-300x200.jpg 300w\" sizes=\"auto, (max-width: 1300px) 100vw, 1300px\" \/><\/div><\/div><\/div><\/div><\/div><\/div><\/section>\n","protected":false},"excerpt":{"rendered":"Odkud n\u00e1zev Villa Greta?Historie vzniku penzionu Zveme t\u011b na kr\u00e1tkou cestu \u010dasem. Agnes a Paul Wittwer \u2013 prad\u011bdov\u00e9 majitel\u016f Villy Greta.Hospod\u00e1\u0159stv\u00ed koncem 19. stolet\u00ed p\u0159e\u0161lo do vlastnictv\u00ed rodiny Paula a Agnes Wittwer. M\u011bli 12 d\u011bt\u00ed. Mimo jin\u00e9 dceru Margaretu. Po 2. sv\u011btov\u00e9 v\u00e1lce se Doln\u00ed Slezsko ocitlo v hranic\u00edch Polska a N\u011bmka Greta se zamilovala...","protected":false},"author":1,"featured_media":73796,"parent":0,"menu_order":41,"comment_status":"closed","ping_status":"closed","template":"","meta":{"_acf_changed":false,"_seopress_titles_title":"Villa Greta | Romantick\u00fd p\u0159\u00edb\u011bh vzniku penzionu","_seopress_titles_desc":"Rodinn\u00fd penzion Villa Greta | Historie domu v Sudetech | P\u0159\u00edb\u011bh l\u00e1sky N\u011bmky z Doln\u00edho Slezska a Pol\u00e1ka z Kres\u016f | Doln\u00ed Slezsko","_seopress_robots_index":"","_seopress_robots_follow":"","_seopress_robots_imageindex":"","_seopress_robots_snippet":"","_seopress_robots_primary_cat":"","_seopress_robots_breadcrumbs":"","_seopress_robots_freeze_modified_date":"","_seopress_robots_custom_modified_date":"","_seopress_robots_canonical":"","_seopress_social_fb_title":"","_seopress_social_fb_desc":"","_seopress_social_fb_img":"","_seopress_social_fb_img_attachment_id":0,"_seopress_social_fb_img_width":0,"_seopress_social_fb_img_height":0,"_seopress_social_twitter_title":"","_seopress_social_twitter_desc":"","_seopress_social_twitter_img":"","_seopress_social_twitter_img_attachment_id":0,"_seopress_social_twitter_img_width":0,"_seopress_social_twitter_img_height":0,"_seopress_redirections_value":"","_seopress_redirections_enabled":"","_seopress_redirections_enabled_regex":"","_seopress_redirections_logged_status":"oboj\u00ed","_seopress_redirections_param":"","_seopress_redirections_type":301,"_seopress_analysis_target_kw":"Historie Villy Greta","_seopress_news_disabled":"","_seopress_video_disabled":"","_seopress_video":[],"_seopress_pro_schemas_manual":[],"_seopress_pro_rich_snippets_disable_all":"","_seopress_pro_rich_snippets_disable":[],"_seopress_pro_schemas":[],"inline_featured_image":false,"footnotes":""},"vg_page_category":[],"class_list":["post-73790","page","type-page","status-publish","has-post-thumbnail"],"acf":[],"_links":{"self":[{"href":"https:\/\/www.villagreta.pl\/cs\/wp-json\/wp\/v2\/pages\/73790","targetHints":{"allow":["GET"]}}],"collection":[{"href":"https:\/\/www.villagreta.pl\/cs\/wp-json\/wp\/v2\/pages"}],"about":[{"href":"https:\/\/www.villagreta.pl\/cs\/wp-json\/wp\/v2\/types\/page"}],"author":[{"embeddable":true,"href":"https:\/\/www.villagreta.pl\/cs\/wp-json\/wp\/v2\/users\/1"}],"replies":[{"embeddable":true,"href":"https:\/\/www.villagreta.pl\/cs\/wp-json\/wp\/v2\/comments?post=73790"}],"version-history":[{"count":0,"href":"https:\/\/www.villagreta.pl\/cs\/wp-json\/wp\/v2\/pages\/73790\/revisions"}],"wp:featuredmedia":[{"embeddable":true,"href":"https:\/\/www.villagreta.pl\/cs\/wp-json\/wp\/v2\/media\/73796"}],"wp:attachment":[{"href":"https:\/\/www.villagreta.pl\/cs\/wp-json\/wp\/v2\/media?parent=73790"}],"wp:term":[{"taxonomy":"vg_page_category","embeddable":true,"href":"https:\/\/www.villagreta.pl\/cs\/wp-json\/wp\/v2\/vg_page_category?post=73790"}],"curies":[{"name":"wp","href":"https:\/\/api.w.org\/{rel}","templated":true}]}}

<section class="l-section wpb_row height_custom"><div class="l-section-h i-cf"><div class="g-cols vc_row via_grid cols_2 laptops-cols_inherit tablets-cols_inherit mobiles-cols_1 valign_top type_default stacking_default" style="--columns-gap:5vw;"><div class="wpb_column vc_column_container us_custom_d26eb4ca has_bg_color"><div class="vc_column-inner"><div class="w-image us_custom_dcab56b3 align_none"><div class="w-image-h"><img decoding="async" width="200" height="128" src="https://media.villagreta.pl/wazne_info_deko2.png" class="attachment-full size-full" alt="" loading="lazy" /></div></div><div class="w-text upper-title"><span class="w-text-h"><span class="w-text-value">Odkud název Villa Greta?</span></span></div><div class="wpb_text_column us_custom_39592840"><div class="wpb_wrapper"><h2>Historie vzniku penzionu</h2>
<p>Zveme tě na krátkou cestu časem.</p>
</div></div></div></div><div class="wpb_column vc_column_container"><div class="vc_column-inner"><div class="w-image align_center meta_simple"><div class="w-image-h"><img decoding="async" width="860" height="691" src="https://media.villagreta.pl/rodzinne.jpg" class="attachment-full size-full" alt="Agnes a Paul Wittwer" loading="lazy" /></div><div class="w-image-meta"><div class="w-image-title">Agnes a Paul Wittwer – pradědové majitelů Villy Greta.</div></div></div></div></div></div></div></section><section class="l-section wpb_row height_auto"><div class="l-section-h i-cf"><div class="g-cols vc_row via_grid cols_1 laptops-cols_inherit tablets-cols_inherit mobiles-cols_1 valign_top type_default stacking_default"><div class="wpb_column vc_column_container us_custom_6494a965"><div class="vc_column-inner"><div class="wpb_text_column"><div class="wpb_wrapper"><p>Hospodářství koncem 19. století přešlo do vlastnictví rodiny Paula a Agnes Wittwer.<br />
Měli 12 dětí. Mimo jiné dceru Margaretu. Po 2. světové válce se Dolní Slezsko ocitlo v hranicích Polska a Němka Greta se zamilovala do polského <a href="https://pl.wikipedia.org/wiki/Operacja_polska_NKWD_(1937%E2%80%931938)" target="_blank" rel="noopener noreferrer">vojáka – Sibiřana</a> – Janka Kowalského. Zatímco celá Gretina rodina byla <a href="https://pl.wikipedia.org/wiki/Wysiedlenia_Niemc%C3%B3w_po_II_wojnie_%C5%9Bwiatowej" target="_blank" rel="noopener noreferrer">vysídlena do Německa</a>, Janek ukryl svou vyvolenou na půdě u přátel v sousední vesnici a odjel do Varšavy získat povolení ke sňatku s Němkou.<br />
Podařilo se.</p>
</div></div><div class="w-image us_custom_502f64fe align_center meta_simple"><div class="w-image-h"><img decoding="async" width="860" height="650" src="https://media.villagreta.pl/villa-greta-polen.jpg" class="attachment-full size-full" alt="Greta Wittwer a Janek Kowalski" loading="lazy" /></div><div class="w-image-meta"><div class="w-image-title">Greta Wittwer a Janek Kowalski. Prarodiče majitelů Villy Greta.</div></div></div><div class="wpb_text_column"><div class="wpb_wrapper"><p>Usadili se v rodinném domě Wittwerových. Janek a Greta Kowalští žili dlouho a šťastně. Dočkali se pěti dětí a spousty vnoučat. Jedním z nich jsem já, Krzysiek Rozpędowski. Název domu „Villa Greta“ je tedy vzpomínkou na <strong>babičku Gretu.</strong></p>
</div></div></div></div></div></div></section><section class="l-section wpb_row height_custom"><div class="l-section-h i-cf"><div class="g-cols vc_row via_grid cols_1 laptops-cols_inherit tablets-cols_inherit mobiles-cols_1 valign_middle type_default stacking_default" style="--columns-gap:;"><div class="wpb_column vc_column_container"><div class="vc_column-inner"><div class="g-cols wpb_row us_custom_2c72b774 via_grid cols_2 laptops-cols_inherit tablets-cols_inherit mobiles-cols_1 valign_top type_default stacking_default" style="--columns-gap:32px;"><div class="wpb_column vc_column_container"><div class="vc_column-inner"><div class="w-image align_center meta_simple"><div class="w-image-h"><img decoding="async" width="600" height="434" src="https://media.villagreta.pl/villa-greta-kleinhelmsdorf.jpg" class="attachment-full size-full" alt="Villa Greta" loading="lazy" /></div><div class="w-image-meta"><div class="w-image-title">Villa Greta v roce 1912. Ještě v Kleinhelmsdorfu. Tak se před válkou jmenoval Dobków.</div></div></div></div></div><div class="wpb_column vc_column_container"><div class="vc_column-inner"><div class="w-image align_center meta_simple"><div class="w-image-h"><img decoding="async" width="600" height="434" src="https://media.villagreta.pl/villa-greta-dobkow.jpg" class="attachment-full size-full" alt="Villa Greta" loading="lazy" /></div><div class="w-image-meta"><div class="w-image-title">Villa Greta v roce 2007. Už ve vesnici Dobków.</div></div></div></div></div></div><div class="g-cols wpb_row us_custom_6a2e7e2d via_grid cols_2-1 laptops-cols_inherit tablets-cols_inherit mobiles-cols_1 valign_middle type_default stacking_default" style="--columns-gap:32px;"><div class="wpb_column vc_column_container us_custom_687446a6 round-corners has_bg_color"><div class="vc_column-inner"><div class="w-text upper-title"><span class="w-text-h"><span class="w-text-value">Pojďme se poznat</span></span></div><div class="wpb_text_column"><div class="wpb_wrapper"><h2 style="text-align: left;">Kdo jsme?</h2>
<p style="text-align: left;">Svou ženu Ewelinu jsem poznal na cestách. Potkali jsme se na nádraží v <a title="Quetta Pákistán" href="https://pl.wikipedia.org/wiki/Kweta" target="_blank" rel="nofollow noopener noreferrer">Quettě</a> v Pákistánu. </p>
<p style="text-align: left;">Od té doby cestujeme společně. Než jsme se přesvědčili, že Polsko je opravdu krásné, navštívili jsme mnoho zemí na několika kontinentech. </p>
<p>Po dokončení studia jsme se rozhodli využít naše zkušenosti a vytvořit místo, kde člověk cítí blízkost přírody, ovládnutý magií místa, magií tradic…</p>
</div></div></div></div><div class="wpb_column vc_column_container us_custom_4af741be round-corners"><div class="vc_column-inner"><div class="w-image align_center meta_modern"><div class="w-image-h"><img decoding="async" width="573" height="860" src="https://media.villagreta.pl/rozpedowscy_1.jpg" class="attachment-full size-full" alt="Ewelina i Krzysztof Rozpędowscy" loading="lazy" /><div class="w-image-meta"><div class="w-image-title">Ewelina i Krzysztof Rozpędowscy.</div></div></div></div></div></div></div><div class="g-cols wpb_row via_grid cols_2 laptops-cols_inherit tablets-cols_inherit mobiles-cols_1 valign_middle type_default stacking_default" style="--columns-gap:32px;"><div class="wpb_column vc_column_container us_custom_4af741be round-corners"><div class="vc_column-inner"><div class="w-image align_center meta_modern"><div class="w-image-h"><img decoding="async" width="860" height="573" src="https://media.villagreta.pl/rodzina_villa_greta_1.jpg" class="attachment-full size-full" alt="Rodina Rozpędowských" loading="lazy" srcset="https://media.villagreta.pl/rodzina_villa_greta_1.jpg 860w, https://media.villagreta.pl/rodzina_villa_greta_1-600x400.jpg 600w, https://media.villagreta.pl/rodzina_villa_greta_1-300x200.jpg 300w" sizes="auto, (max-width: 860px) 100vw, 860px" /><div class="w-image-meta"><div class="w-image-title">To jsme my! Celá rodina Rozpędowských :)</div></div></div></div></div></div><div class="wpb_column vc_column_container us_custom_687446a6 round-corners has_bg_color"><div class="vc_column-inner"><div class="wpb_text_column"><div class="wpb_wrapper"><section class="av_textblock_section ">
<div class="avia_textblock ">
<p>Vytvořili jsme penzion a <a href="https://www.villagreta.pl/cs/restaurace/">restauraci</a> Villa Greta. První hosty jsme přijali v roce 2005. Od té doby se toho hodně změnilo.  </p>
<p>Asi nejdůležitější změnou byl příchod dětí do našeho života: Tosi v roce 2007 a Tymka v roce 2010. Od té doby se snažíme, aby náš dům byl útočištěm <a title="Pro rodiny s dětmi" href="https://www.villagreta.pl/cs/cel-podrozy/wakacje-z-dziecmi/">pro rodiny s dětmi</a>.  </p>
</div>
</section>
<p><strong> </strong></p>
</div></div></div></div></div><div class="w-image us_custom_1a6ba431 align_center"><div class="w-image-h"><img decoding="async" width="1300" height="867" src="https://media.villagreta.pl/rozpedowscy_villa_greta_2.jpg" class="attachment-full size-full" alt="Ewelina a Kris" loading="lazy" srcset="https://media.villagreta.pl/rozpedowscy_villa_greta_2.jpg 1300w, https://media.villagreta.pl/rozpedowscy_villa_greta_2-600x400.jpg 600w, https://media.villagreta.pl/rozpedowscy_villa_greta_2-300x200.jpg 300w" sizes="auto, (max-width: 1300px) 100vw, 1300px" /></div></div></div></div></div></div></section>

Odkud název Villa Greta?Historie vzniku penzionu Zveme tě na krátkou cestu časem. Agnes a Paul Wittwer – pradědové majitelů Villy Greta.Hospodářství koncem 19. století přešlo do vlastnictví rodiny Paula a Agnes Wittwer. Měli 12 dětí. Mimo jiné dceru Margaretu. Po 2. světové válce se Dolní Slezsko ocitlo v hranicích Polska a Němka Greta se zamilovala...

Villa Greta | Romantický příběh vzniku penzionu

Rodinný penzion Villa Greta | Historie domu v Sudetech | Příběh lásky Němky z Dolního Slezska a Poláka z Kresů | Dolní Slezsko

obojí
