{"id":74086,"date":"2021-04-10T22:02:04","date_gmt":"2021-04-10T20:02:04","guid":{"rendered":"https:\/\/www.villagreta.pl\/praca-restauracja\/"},"modified":"2026-08-09T09:58:25","modified_gmt":"2026-08-09T07:58:25","slug":"praca-restauracja","status":"publish","type":"page","link":"https:\/\/www.villagreta.pl\/cs\/praca-restauracja\/","title":{"rendered":"Pr\u00e1ce v restauraci"},"content":{"rendered":"<section class=\"l-section wpb_row height_small\"><div class=\"l-section-h i-cf\"><div class=\"g-cols vc_row via_grid cols_1 laptops-cols_inherit tablets-cols_inherit mobiles-cols_1 valign_top type_default stacking_default\"><div class=\"wpb_column vc_column_container\"><div class=\"vc_column-inner\"><div class=\"wpb_text_column us_custom_f8ec974b\"><div class=\"wpb_wrapper\"><p style=\"text-align: center;\"><em>\u201eZ\u00e1kazn\u00edci nejsou nejd\u016fle\u017eit\u011bj\u0161\u00ed. Zam\u011bstnanci jsou nejd\u016fle\u017eit\u011bj\u0161\u00ed. Pokud se postar\u00e1\u0161 o sv\u00e9 zam\u011bstnance, oni se postaraj\u00ed o z\u00e1kazn\u00edky.\u201c  <\/em><br \/>\n\u2013 Richard Branson<\/p>\n<\/div><\/div><\/div><\/div><\/div><\/div><\/section><section class=\"l-section wpb_row height_small\"><div class=\"l-section-h i-cf\"><div class=\"g-cols vc_row via_grid cols_2 laptops-cols_inherit tablets-cols_inherit mobiles-cols_1 valign_top type_boxes stacking_default\"><div class=\"wpb_column vc_column_container us_custom_5380335c has_bg_color\"><div class=\"vc_column-inner\"><div class=\"w-text upper-title\"><span class=\"w-text-h\"><span class=\"w-text-value\">Pod\u00edvej se<\/span><\/span><\/div><div class=\"wpb_text_column us_custom_39592840\"><div class=\"wpb_wrapper\"><h2>na pozice ve Ville Greta<\/h2>\n<p>aktu\u00e1ln\u011b zam\u011bstn\u00e1v\u00e1me cca 10 lid\u00ed<br \/>\nnab\u00eddka z\u00e1vis\u00ed na dostupn\u00fdch pozic\u00edch<\/p>\n<\/div><\/div><\/div><\/div><div class=\"wpb_column vc_column_container us_custom_c70c97eb round-corners has_bg_color\"><div class=\"vc_column-inner\"><div class=\"wpb_text_column\"><div class=\"wpb_wrapper\"><ul>\n<li style=\"list-style-type: none;\">\n<ul>\n<li>kucha\u0159 \u2013 <strong>VOLN\u00c1 POZICE<\/strong><\/li>\n<li>kuchy\u0148sk\u00e1 pomoc<\/li>\n<li>\u010d\u00ed\u0161nice \/ \u010d\u00ed\u0161n\u00edk<\/li>\n<li>p\u0159\u00edprava a pod\u00e1v\u00e1n\u00ed sn\u00eddan\u00ed<\/li>\n<li>pokojsk\u00e1 \/ pokojsk\u00fd<\/li>\n<li>zahradn\u00edk \/ \u00fadr\u017eb\u00e1\u0159<\/li>\n<\/ul>\n<\/li>\n<\/ul>\n<\/div><\/div><\/div><\/div><\/div><\/div><\/section><section class=\"l-section wpb_row height_small\"><div class=\"l-section-h i-cf\"><div class=\"g-cols vc_row via_grid cols_2 laptops-cols_inherit tablets-cols_inherit mobiles-cols_1 valign_top type_boxes stacking_default\"><div class=\"wpb_column vc_column_container us_custom_a8436d1d has_bg_color\"><div class=\"vc_column-inner\"><div class=\"w-text upper-title\"><span class=\"w-text-h\"><span class=\"w-text-value\">Zjisti<\/span><\/span><\/div><div class=\"wpb_text_column us_custom_39592840\"><div class=\"wpb_wrapper\"><h2>co nab\u00edz\u00edme<\/h2>\n<p>zam\u011bstn\u00e1v\u00e1me na pracovn\u00ed smlouvu<br \/>\npo smlouv\u011b na dobu ur\u010ditou, na st\u00e1lo<br \/>\nnebo sez\u00f3nn\u011b (pr\u00e1zdniny, v\u00edkendy)<\/p>\n<\/div><\/div><\/div><\/div><div class=\"wpb_column vc_column_container us_custom_c70c97eb round-corners has_bg_color\"><div class=\"vc_column-inner\"><div class=\"wpb_text_column\"><div class=\"wpb_wrapper\"><ul>\n<li>dal\u0161\u00ed benefity: m\u011bs\u00ed\u010dn\u00ed pr\u00e9mie po zku\u0161ebn\u00ed dob\u011b, sv\u00e1te\u010dn\u00e9 pr\u00e9mie<\/li>\n<li>spropitn\u00e9<\/li>\n<li>dal\u0161\u00edch 10% z prodeje lahvov\u00e9ho v\u00edna<\/li>\n<li>pracujeme na \u0161pi\u010dkov\u00e9m vybaven\u00ed, co\u017e usnad\u0148uje pr\u00e1ci<\/li>\n<li>restaurace se ji\u017e mnoho let nach\u00e1z\u00ed v presti\u017en\u00edm <a href=\"https:\/\/www.villagreta.pl\/cs\/restaurace\/\">\u017dlut\u00e9m pr\u016fvodci Gault et Millau<\/a><\/li>\n<li>je to dobr\u00e9 m\u00edsto pro rozvoj profesn\u00ed kari\u00e9ry<\/li>\n<li>pravideln\u011b se \u0161kol\u00edme u nejlep\u0161\u00edch v Polsku<\/li>\n<li>zveme t\u011b na placen\u00fd zku\u0161ebn\u00ed den<\/li>\n<\/ul>\n<\/div><\/div><\/div><\/div><\/div><\/div><\/section><section class=\"l-section wpb_row height_small\"><div class=\"l-section-h i-cf\"><div class=\"g-cols vc_row via_grid cols_1 laptops-cols_inherit tablets-cols_inherit mobiles-cols_1 valign_top type_default stacking_default\"><div class=\"wpb_column vc_column_container us_custom_d26eb4ca has_bg_color\"><div class=\"vc_column-inner\"><div class=\"w-text upper-title\"><span class=\"w-text-h\"><span class=\"w-text-value\">Zjisti<\/span><\/span><\/div><div class=\"wpb_text_column\"><div class=\"wpb_wrapper\"><h2 style=\"text-align: left;\">co o\u010dek\u00e1v\u00e1me<\/h2>\n<ul>\n<li>sna\u017e\u00edme se udr\u017eovat nejvy\u0161\u0161\u00ed kvalitu, jak <a href=\"https:\/\/www.villagreta.pl\/cs\/pokoje\/\">ubytov\u00e1n\u00ed<\/a>, tak j\u00eddel v <a href=\"https:\/\/www.villagreta.pl\/cs\/restaurace\/\">restauraci<\/a>, proto vy\u017eadujeme sv\u011bdomitost p\u0159i pln\u011bn\u00ed ka\u017edodenn\u00edch povinnost\u00ed<\/li>\n<li>na pozici \u010d\u00ed\u0161n\u00edka je u\u017eite\u010dn\u00e1 znalost angli\u010dtiny nebo n\u011bm\u010diny (nen\u00ed to v\u0161ak nutn\u00e1 podm\u00ednka) a <a href=\"https:\/\/www.villagreta.pl\/cs\/pruvodce\/\">znalost regionu nebo chu\u0165 poznat okol\u00ed<\/a><\/li>\n<\/ul>\n<\/div><\/div><\/div><\/div><\/div><\/div><\/section><section class=\"l-section wpb_row height_small\"><div class=\"l-section-h i-cf\"><div class=\"g-cols vc_row via_grid cols_1 laptops-cols_inherit tablets-cols_inherit mobiles-cols_1 valign_top type_default stacking_default\"><div class=\"wpb_column vc_column_container\"><div class=\"vc_column-inner\"><div class=\"g-cols wpb_row us_custom_c70c97eb round-corners via_grid cols_1-2 laptops-cols_inherit tablets-cols_inherit mobiles-cols_1 valign_middle type_boxes stacking_default\" style=\"--columns-gap:3rem;\"><div class=\"wpb_column vc_column_container\"><div class=\"vc_column-inner\"><div class=\"w-text upper-title\"><span class=\"w-text-h\"><span class=\"w-text-value\">Dob\u0159e<\/span><\/span><\/div><div class=\"wpb_text_column\"><div class=\"wpb_wrapper\"><h2>Co te\u010f?<\/h2>\n<p>Pokud ti n\u011bkter\u00e1 z aktu\u00e1ln\u011b voln\u00fdch pozic vyhovuje a chce\u0161 b\u00fdt sou\u010d\u00e1st\u00ed na\u0161eho t\u00fdmu, ne\u010dekej d\u00e9le, jednej.<\/p>\n<\/div><\/div><\/div><\/div><div class=\"wpb_column vc_column_container\"><div class=\"vc_column-inner\"><div class=\"wpb_text_column\"><div class=\"wpb_wrapper\"><ol>\n<li>Pokud chce\u0161, projdi si na\u0161e str\u00e1nky, pod\u00edvej se, jak to v\u0161echno vypad\u00e1. Zajdi tak\u00e9 na na\u0161e soci\u00e1ln\u00ed s\u00edt\u011b (<a href=\"https:\/\/www.facebook.com\/VillaGretaPoland\" target=\"_blank\" rel=\"noopener\">facebook<\/a>, <a href=\"https:\/\/www.instagram.com\/villagretapoland\/\" target=\"_blank\" rel=\"noopener\">instagram<\/a>) a pod\u00edvej se, co se u n\u00e1s aktu\u00e1ln\u011b d\u011bje. <\/li>\n<li>P\u0159iprav si kr\u00e1tk\u00e9 CV. Nemus\u00ed b\u00fdt dlouh\u00e9 ani obsahovat nejmen\u0161\u00ed detaily, d\u016fle\u017eit\u00e9 je p\u0159edstavit svou historii, dovednosti a aby obsahovalo z\u00e1kladn\u00ed kontaktn\u00ed \u00fadaje. I s mal\u00fdmi pracovn\u00edmi zku\u0161enostmi, ale s otev\u0159enou mysl\u00ed, fajn osobnost\u00ed, chut\u00ed u\u010dit se a pracovat a pozn\u00e1vat sv\u011bt se d\u00e1 v\u0161echno!  <\/li>\n<li>Nen\u00ed to nutn\u00e9, ale m\u016f\u017ee\u0161 n\u00e1m tak\u00e9 zavolat a promluvit si, pokud m\u00e1\u0161 n\u011bjak\u00e9 ot\u00e1zky nebo je n\u011bco nejasn\u00e9. V\u017edy r\u00e1di pom\u016f\u017eeme a vysv\u011btl\u00edme. <\/li>\n<li>Po\u0161li sv\u016fj \u017eivotopis na n\u00e1\u0161 e-mail a do p\u0159edm\u011btu p\u0159idej \u201ePr\u00e1ce ve Ville Greta\u201c. Do e-mailu tak\u00e9 napi\u0161, jak\u00e1 pozice t\u011b zaj\u00edm\u00e1, kdy m\u016f\u017ee\u0161 za\u010d\u00edt pracovat a zda chce\u0161 pracovat na pln\u00fd \u00favazek, nebo do\u010dasn\u011b. V\u017edycky m\u016f\u017ee\u0161 tak\u00e9 zavolat :)  <\/li>\n<li>Po obdr\u017een\u00ed informac\u00ed se s tebou spoj\u00edme a domluv\u00edme si sch\u016fzku.<\/li>\n<\/ol>\n<\/div><\/div><\/div><\/div><\/div><\/div><\/div><\/div><\/div><\/section><section class=\"l-section wpb_row height_small\"><div class=\"l-section-h i-cf\"><div class=\"g-cols vc_row via_grid cols_1 laptops-cols_inherit tablets-cols_inherit mobiles-cols_1 valign_top type_default stacking_default\"><div class=\"wpb_column vc_column_container\"><div class=\"vc_column-inner\"><div class=\"g-cols wpb_row us_custom_d18ace05 round-corners via_grid cols_1 laptops-cols_inherit tablets-cols_inherit mobiles-cols_1 valign_top type_boxes stacking_default\" style=\"--columns-gap:3rem;\"><div class=\"wpb_column vc_column_container\"><div class=\"vc_column-inner\"><div class=\"w-text us_custom_eb849559 upper-title\"><span class=\"w-text-h\"><span class=\"w-text-value\">Chce\u0161 to zkusit?<\/span><\/span><\/div><div class=\"wpb_text_column\"><div class=\"wpb_wrapper\"><h2 style=\"text-align: center;\">Po\u0161li CV nebo zavolej<\/h2>\n<p style=\"text-align: center;\">Ewelina Rozp\u0119dowska<\/p>\n<\/div><\/div><div class=\"wpb_text_column us_custom_079755c2\"><div class=\"wpb_wrapper\"><p style=\"text-align: center;\"><a href=\"tel:+48509745591\">+48 509 745 591<br \/>\n<\/a><a href=\"mailto:ewelina@villagreta.pl\">ewelina@villagreta.pl<\/a><\/p>\n<\/div><\/div><\/div><\/div><\/div><\/div><\/div><\/div><\/div><\/section>\n","protected":false},"excerpt":{"rendered":"\u201eZ\u00e1kazn\u00edci nejsou nejd\u016fle\u017eit\u011bj\u0161\u00ed. Zam\u011bstnanci jsou nejd\u016fle\u017eit\u011bj\u0161\u00ed. Pokud se postar\u00e1\u0161 o sv\u00e9 zam\u011bstnance, oni se postaraj\u00ed o z\u00e1kazn\u00edky.\u201c \u2013 Richard Branson Pod\u00edvej sena pozice ve Ville Greta aktu\u00e1ln\u011b zam\u011bstn\u00e1v\u00e1me cca 10 lid\u00ed nab\u00eddka z\u00e1vis\u00ed na dostupn\u00fdch pozic\u00edch kucha\u0159 \u2013 VOLN\u00c1 POZICE kuchy\u0148sk\u00e1 pomoc \u010d\u00ed\u0161nice \/ \u010d\u00ed\u0161n\u00edk p\u0159\u00edprava a pod\u00e1v\u00e1n\u00ed sn\u00eddan\u00ed pokojsk\u00e1 \/ pokojsk\u00fd zahradn\u00edk \/ \u00fadr\u017eb\u00e1\u0159...","protected":false},"author":1,"featured_media":74087,"parent":0,"menu_order":12,"comment_status":"closed","ping_status":"closed","template":"","meta":{"_acf_changed":false,"_seopress_titles_title":"Pr\u00e1ce v restauraci | Pr\u00e1ce v hotelu | Villa Greta | Po\u0161li CV","_seopress_titles_desc":"Hled\u00e1\u0161 pr\u00e1ci? | V bl\u00edzkosti: Z\u0142otoryja, Jelenia G\u00f3ra, Jawor, Bolk\u00f3w | Pr\u00e1ce v restauraci | Doln\u00ed Slezsko | Pozice: \u010d\u00ed\u0161n\u00edk, kucha\u0159, pokojsk\u00e1","_seopress_robots_index":"","_seopress_robots_follow":"","_seopress_robots_imageindex":"","_seopress_robots_snippet":"","_seopress_robots_primary_cat":"","_seopress_robots_breadcrumbs":"","_seopress_robots_freeze_modified_date":"","_seopress_robots_custom_modified_date":"","_seopress_robots_canonical":"","_seopress_social_fb_title":"","_seopress_social_fb_desc":"","_seopress_social_fb_img":"","_seopress_social_fb_img_attachment_id":0,"_seopress_social_fb_img_width":0,"_seopress_social_fb_img_height":0,"_seopress_social_twitter_title":"","_seopress_social_twitter_desc":"","_seopress_social_twitter_img":"","_seopress_social_twitter_img_attachment_id":0,"_seopress_social_twitter_img_width":0,"_seopress_social_twitter_img_height":0,"_seopress_redirections_value":"","_seopress_redirections_enabled":"","_seopress_redirections_enabled_regex":"","_seopress_redirections_logged_status":"oboj\u00ed","_seopress_redirections_param":"","_seopress_redirections_type":301,"_seopress_analysis_target_kw":"Pr\u00e1ce v restauraci","_seopress_news_disabled":"","_seopress_video_disabled":"","_seopress_video":[],"_seopress_pro_schemas_manual":[],"_seopress_pro_rich_snippets_disable_all":"","_seopress_pro_rich_snippets_disable":[],"_seopress_pro_schemas":[],"inline_featured_image":false,"footnotes":""},"vg_page_category":[],"class_list":["post-74086","page","type-page","status-publish","has-post-thumbnail"],"acf":[],"_links":{"self":[{"href":"https:\/\/www.villagreta.pl\/cs\/wp-json\/wp\/v2\/pages\/74086","targetHints":{"allow":["GET"]}}],"collection":[{"href":"https:\/\/www.villagreta.pl\/cs\/wp-json\/wp\/v2\/pages"}],"about":[{"href":"https:\/\/www.villagreta.pl\/cs\/wp-json\/wp\/v2\/types\/page"}],"author":[{"embeddable":true,"href":"https:\/\/www.villagreta.pl\/cs\/wp-json\/wp\/v2\/users\/1"}],"replies":[{"embeddable":true,"href":"https:\/\/www.villagreta.pl\/cs\/wp-json\/wp\/v2\/comments?post=74086"}],"version-history":[{"count":0,"href":"https:\/\/www.villagreta.pl\/cs\/wp-json\/wp\/v2\/pages\/74086\/revisions"}],"wp:featuredmedia":[{"embeddable":true,"href":"https:\/\/www.villagreta.pl\/cs\/wp-json\/wp\/v2\/media\/74087"}],"wp:attachment":[{"href":"https:\/\/www.villagreta.pl\/cs\/wp-json\/wp\/v2\/media?parent=74086"}],"wp:term":[{"taxonomy":"vg_page_category","embeddable":true,"href":"https:\/\/www.villagreta.pl\/cs\/wp-json\/wp\/v2\/vg_page_category?post=74086"}],"curies":[{"name":"wp","href":"https:\/\/api.w.org\/{rel}","templated":true}]}}

Práce v restauraci

<section class="l-section wpb_row height_small"><div class="l-section-h i-cf"><div class="g-cols vc_row via_grid cols_1 laptops-cols_inherit tablets-cols_inherit mobiles-cols_1 valign_top type_default stacking_default"><div class="wpb_column vc_column_container"><div class="vc_column-inner"><div class="wpb_text_column us_custom_f8ec974b"><div class="wpb_wrapper"><p style="text-align: center;"><em>„Zákazníci nejsou nejdůležitější. Zaměstnanci jsou nejdůležitější. Pokud se postaráš o své zaměstnance, oni se postarají o zákazníky.“  </em><br />
– Richard Branson</p>
</div></div></div></div></div></div></section><section class="l-section wpb_row height_small"><div class="l-section-h i-cf"><div class="g-cols vc_row via_grid cols_2 laptops-cols_inherit tablets-cols_inherit mobiles-cols_1 valign_top type_boxes stacking_default"><div class="wpb_column vc_column_container us_custom_5380335c has_bg_color"><div class="vc_column-inner"><div class="w-text upper-title"><span class="w-text-h"><span class="w-text-value">Podívej se</span></span></div><div class="wpb_text_column us_custom_39592840"><div class="wpb_wrapper"><h2>na pozice ve Ville Greta</h2>
<p>aktuálně zaměstnáváme cca 10 lidí<br />
nabídka závisí na dostupných pozicích</p>
</div></div></div></div><div class="wpb_column vc_column_container us_custom_c70c97eb round-corners has_bg_color"><div class="vc_column-inner"><div class="wpb_text_column"><div class="wpb_wrapper"><ul>
<li style="list-style-type: none;">
<ul>
<li>kuchař – <strong>VOLNÁ POZICE</strong></li>
<li>kuchyňská pomoc</li>
<li>číšnice / číšník</li>
<li>příprava a podávání snídaní</li>
<li>pokojská / pokojský</li>
<li>zahradník / údržbář</li>
</ul>
</li>
</ul>
</div></div></div></div></div></div></section><section class="l-section wpb_row height_small"><div class="l-section-h i-cf"><div class="g-cols vc_row via_grid cols_2 laptops-cols_inherit tablets-cols_inherit mobiles-cols_1 valign_top type_boxes stacking_default"><div class="wpb_column vc_column_container us_custom_a8436d1d has_bg_color"><div class="vc_column-inner"><div class="w-text upper-title"><span class="w-text-h"><span class="w-text-value">Zjisti</span></span></div><div class="wpb_text_column us_custom_39592840"><div class="wpb_wrapper"><h2>co nabízíme</h2>
<p>zaměstnáváme na pracovní smlouvu<br />
po smlouvě na dobu určitou, na stálo<br />
nebo sezónně (prázdniny, víkendy)</p>
</div></div></div></div><div class="wpb_column vc_column_container us_custom_c70c97eb round-corners has_bg_color"><div class="vc_column-inner"><div class="wpb_text_column"><div class="wpb_wrapper"><ul>
<li>další benefity: měsíční prémie po zkušební době, svátečné prémie</li>
<li>spropitné</li>
<li>dalších 10% z prodeje lahvového vína</li>
<li>pracujeme na špičkovém vybavení, což usnadňuje práci</li>
<li>restaurace se již mnoho let nachází v prestižním <a href="https://www.villagreta.pl/cs/restaurace/">Žlutém průvodci Gault et Millau</a></li>
<li>je to dobré místo pro rozvoj profesní kariéry</li>
<li>pravidelně se školíme u nejlepších v Polsku</li>
<li>zveme tě na placený zkušební den</li>
</ul>
</div></div></div></div></div></div></section><section class="l-section wpb_row height_small"><div class="l-section-h i-cf"><div class="g-cols vc_row via_grid cols_1 laptops-cols_inherit tablets-cols_inherit mobiles-cols_1 valign_top type_default stacking_default"><div class="wpb_column vc_column_container us_custom_d26eb4ca has_bg_color"><div class="vc_column-inner"><div class="w-text upper-title"><span class="w-text-h"><span class="w-text-value">Zjisti</span></span></div><div class="wpb_text_column"><div class="wpb_wrapper"><h2 style="text-align: left;">co očekáváme</h2>
<ul>
<li>snažíme se udržovat nejvyšší kvalitu, jak <a href="https://www.villagreta.pl/cs/pokoje/">ubytování</a>, tak jídel v <a href="https://www.villagreta.pl/cs/restaurace/">restauraci</a>, proto vyžadujeme svědomitost při plnění každodenních povinností</li>
<li>na pozici číšníka je užitečná znalost angličtiny nebo němčiny (není to však nutná podmínka) a <a href="https://www.villagreta.pl/cs/pruvodce/">znalost regionu nebo chuť poznat okolí</a></li>
</ul>
</div></div></div></div></div></div></section><section class="l-section wpb_row height_small"><div class="l-section-h i-cf"><div class="g-cols vc_row via_grid cols_1 laptops-cols_inherit tablets-cols_inherit mobiles-cols_1 valign_top type_default stacking_default"><div class="wpb_column vc_column_container"><div class="vc_column-inner"><div class="g-cols wpb_row us_custom_c70c97eb round-corners via_grid cols_1-2 laptops-cols_inherit tablets-cols_inherit mobiles-cols_1 valign_middle type_boxes stacking_default" style="--columns-gap:3rem;"><div class="wpb_column vc_column_container"><div class="vc_column-inner"><div class="w-text upper-title"><span class="w-text-h"><span class="w-text-value">Dobře</span></span></div><div class="wpb_text_column"><div class="wpb_wrapper"><h2>Co teď?</h2>
<p>Pokud ti některá z aktuálně volných pozic vyhovuje a chceš být součástí našeho týmu, nečekej déle, jednej.</p>
</div></div></div></div><div class="wpb_column vc_column_container"><div class="vc_column-inner"><div class="wpb_text_column"><div class="wpb_wrapper"><ol>
<li>Pokud chceš, projdi si naše stránky, podívej se, jak to všechno vypadá. Zajdi také na naše sociální sítě (<a href="https://www.facebook.com/VillaGretaPoland" target="_blank" rel="noopener">facebook</a>, <a href="https://www.instagram.com/villagretapoland/" target="_blank" rel="noopener">instagram</a>) a podívej se, co se u nás aktuálně děje. </li>
<li>Připrav si krátké CV. Nemusí být dlouhé ani obsahovat nejmenší detaily, důležité je představit svou historii, dovednosti a aby obsahovalo základní kontaktní údaje. I s malými pracovními zkušenostmi, ale s otevřenou myslí, fajn osobností, chutí učit se a pracovat a poznávat svět se dá všechno!  </li>
<li>Není to nutné, ale můžeš nám také zavolat a promluvit si, pokud máš nějaké otázky nebo je něco nejasné. Vždy rádi pomůžeme a vysvětlíme. </li>
<li>Pošli svůj životopis na náš e-mail a do předmětu přidej „Práce ve Ville Greta“. Do e-mailu také napiš, jaká pozice tě zajímá, kdy můžeš začít pracovat a zda chceš pracovat na plný úvazek, nebo dočasně. Vždycky můžeš také zavolat :)  </li>
<li>Po obdržení informací se s tebou spojíme a domluvíme si schůzku.</li>
</ol>
</div></div></div></div></div></div></div></div></div></section><section class="l-section wpb_row height_small"><div class="l-section-h i-cf"><div class="g-cols vc_row via_grid cols_1 laptops-cols_inherit tablets-cols_inherit mobiles-cols_1 valign_top type_default stacking_default"><div class="wpb_column vc_column_container"><div class="vc_column-inner"><div class="g-cols wpb_row us_custom_d18ace05 round-corners via_grid cols_1 laptops-cols_inherit tablets-cols_inherit mobiles-cols_1 valign_top type_boxes stacking_default" style="--columns-gap:3rem;"><div class="wpb_column vc_column_container"><div class="vc_column-inner"><div class="w-text us_custom_eb849559 upper-title"><span class="w-text-h"><span class="w-text-value">Chceš to zkusit?</span></span></div><div class="wpb_text_column"><div class="wpb_wrapper"><h2 style="text-align: center;">Pošli CV nebo zavolej</h2>
<p style="text-align: center;">Ewelina Rozpędowska</p>
</div></div><div class="wpb_text_column us_custom_079755c2"><div class="wpb_wrapper"><p style="text-align: center;"><a href="tel:+48509745591">+48 509 745 591<br />
</a><a href="mailto:ewelina@villagreta.pl">ewelina@villagreta.pl</a></p>
</div></div></div></div></div></div></div></div></div></section>

„Zákazníci nejsou nejdůležitější. Zaměstnanci jsou nejdůležitější. Pokud se postaráš o své zaměstnance, oni se postarají o zákazníky.“ – Richard Branson Podívej sena pozice ve Ville Greta aktuálně zaměstnáváme cca 10 lidí nabídka závisí na dostupných pozicích kuchař – VOLNÁ POZICE kuchyňská pomoc číšnice / číšník příprava a podávání snídaní pokojská / pokojský zahradník / údržbář...

Práce v restauraci | Práce v hotelu | Villa Greta | Pošli CV

Hledáš práci? | V blízkosti: Złotoryja, Jelenia Góra, Jawor, Bolków | Práce v restauraci | Dolní Slezsko | Pozice: číšník, kuchař, pokojská

obojí
