{"id":75088,"date":"2024-06-23T13:33:30","date_gmt":"2024-06-23T11:33:30","guid":{"rendered":"https:\/\/www.villagreta.pl\/pokoje\/premium-24\/"},"modified":"2024-06-23T13:33:30","modified_gmt":"2024-06-23T11:33:30","slug":"premium-24","status":"publish","type":"page","link":"https:\/\/www.villagreta.pl\/cs\/pokoje\/premium-24\/","title":{"rendered":"Dvojka premium \u010d. 24"},"content":{"rendered":"<ul>\n<li>dvojka premium, dvoul\u016f\u017ekov\u00fd s mo\u017enost\u00ed pobytu 4\/5 osob<\/li>\n<li>dvou\u00farov\u0148ov\u00fd pokoj s mezipodla\u017e\u00edm<\/li>\n<li>2 postele 90\/200 cm<\/li>\n<li>mo\u017en\u00e9 p\u0159ist\u00fdlky \u2013 rozkl\u00e1dac\u00ed pohovka 140\/200 cm a postel 90\/200 cm<\/li>\n<li>na p\u0159\u00e1n\u00ed d\u011btsk\u00e1 post\u00fdlka<\/li>\n<li>klimatizace, rekuperace<\/li>\n<li>minibar, elektrick\u00e1 rychlovarn\u00e1 konvice<\/li>\n<li>ru\u010dn\u00edky, f\u00e9n<\/li>\n<li>velmi rychl\u00e9 WiFi 500 Mb\/s (optika)<\/li>\n<li>okna sm\u011brem ke kopci s jablon\u00ed<\/li>\n<li>1. patro ve Star\u00e9 Vozovn\u011b, vstup od parkovi\u0161t\u011b<\/li>\n<\/ul>\n","protected":false},"excerpt":{"rendered":"<p>dvojka premium, dvoul\u016f\u017ekov\u00fd s mo\u017enost\u00ed pobytu 4\/5 osob dvou\u00farov\u0148ov\u00fd pokoj s mezipodla\u017e\u00edm 2 postele 90\/200 cm mo\u017en\u00e9 p\u0159ist\u00fdlky \u2013 rozkl\u00e1dac\u00ed pohovka 140\/200 cm a postel 90\/200 cm na p\u0159\u00e1n\u00ed d\u011btsk\u00e1 post\u00fdlka klimatizace, rekuperace minibar, elektrick\u00e1 rychlovarn\u00e1 konvice ru\u010dn\u00edky, f\u00e9n velmi rychl\u00e9 WiFi 500 Mb\/s (optika) okna sm\u011brem ke kopci s jablon\u00ed 1. patro ve Star\u00e9&#8230;<\/p>\n","protected":false},"author":1,"featured_media":75100,"parent":73064,"menu_order":224,"comment_status":"closed","ping_status":"closed","template":"","meta":{"_acf_changed":false,"_seopress_titles_title":"Dvoul\u016f\u017ekov\u00fd pokoj | 42 m2 | t\u0159\u00edda premium | klimatizace","_seopress_titles_desc":"Dvojka premium | \u010d. 24 | 42 m2 | Star\u00e1 Vozovna | Villa Greta | Pokoj s klimatizac\u00ed a rekuperac\u00ed | Mo\u017enost pobytu a\u017e pro 5 osob | V\u00fdhled na louku","_seopress_robots_index":"","_seopress_robots_follow":"","_seopress_robots_imageindex":"","_seopress_robots_snippet":"","_seopress_robots_primary_cat":"","_seopress_robots_breadcrumbs":"","_seopress_robots_freeze_modified_date":"","_seopress_robots_custom_modified_date":"","_seopress_robots_canonical":"","_seopress_social_fb_title":"","_seopress_social_fb_desc":"","_seopress_social_fb_img":"","_seopress_social_fb_img_attachment_id":0,"_seopress_social_fb_img_width":0,"_seopress_social_fb_img_height":0,"_seopress_social_twitter_title":"","_seopress_social_twitter_desc":"","_seopress_social_twitter_img":"","_seopress_social_twitter_img_attachment_id":0,"_seopress_social_twitter_img_width":0,"_seopress_social_twitter_img_height":0,"_seopress_redirections_value":"","_seopress_redirections_enabled":"","_seopress_redirections_enabled_regex":"","_seopress_redirections_logged_status":"Oboj\u00ed","_seopress_redirections_param":"","_seopress_redirections_type":301,"_seopress_analysis_target_kw":"","_seopress_news_disabled":"","_seopress_video_disabled":"","_seopress_video":[],"_seopress_pro_schemas_manual":[],"_seopress_pro_rich_snippets_disable_all":"","_seopress_pro_rich_snippets_disable":[],"_seopress_pro_schemas":[],"inline_featured_image":false,"footnotes":""},"vg_page_category":[346],"class_list":["post-75088","page","type-page","status-publish","has-post-thumbnail","vg_page_category-dwuosobowy-premium"],"acf":{"p_cena_sw":500,"p_cena_sn":"","p_ilosc_osob":"2","p_lozka":2,"p_lozka_podwojne":"","p_powierzchnia":42,"p_polozenie":"Vozovna, prvn\u00ed patro","p_typ":"dwuosobowy-premium","p_dodatki_aneks":false,"p_rzut":75102},"_links":{"self":[{"href":"https:\/\/www.villagreta.pl\/cs\/wp-json\/wp\/v2\/pages\/75088","targetHints":{"allow":["GET"]}}],"collection":[{"href":"https:\/\/www.villagreta.pl\/cs\/wp-json\/wp\/v2\/pages"}],"about":[{"href":"https:\/\/www.villagreta.pl\/cs\/wp-json\/wp\/v2\/types\/page"}],"author":[{"embeddable":true,"href":"https:\/\/www.villagreta.pl\/cs\/wp-json\/wp\/v2\/users\/1"}],"replies":[{"embeddable":true,"href":"https:\/\/www.villagreta.pl\/cs\/wp-json\/wp\/v2\/comments?post=75088"}],"version-history":[{"count":0,"href":"https:\/\/www.villagreta.pl\/cs\/wp-json\/wp\/v2\/pages\/75088\/revisions"}],"up":[{"embeddable":true,"href":"https:\/\/www.villagreta.pl\/cs\/wp-json\/wp\/v2\/pages\/73064"}],"wp:featuredmedia":[{"embeddable":true,"href":"https:\/\/www.villagreta.pl\/cs\/wp-json\/wp\/v2\/media\/75100"}],"wp:attachment":[{"href":"https:\/\/www.villagreta.pl\/cs\/wp-json\/wp\/v2\/media?parent=75088"}],"wp:term":[{"taxonomy":"vg_page_category","embeddable":true,"href":"https:\/\/www.villagreta.pl\/cs\/wp-json\/wp\/v2\/vg_page_category?post=75088"}],"curies":[{"name":"wp","href":"https:\/\/api.w.org\/{rel}","templated":true}]}}

Dvojka premium č. 24

<ul>
<li>dvojka premium, dvoulůžkový s možností pobytu 4/5 osob</li>
<li>dvouúrovňový pokoj s mezipodlažím</li>
<li>2 postele 90/200 cm</li>
<li>možné přistýlky – rozkládací pohovka 140/200 cm a postel 90/200 cm</li>
<li>na přání dětská postýlka</li>
<li>klimatizace, rekuperace</li>
<li>minibar, elektrická rychlovarná konvice</li>
<li>ručníky, fén</li>
<li>velmi rychlé WiFi 500 Mb/s (optika)</li>
<li>okna směrem ke kopci s jabloní</li>
<li>1. patro ve Staré Vozovně, vstup od parkoviště</li>
</ul>

<p>dvojka premium, dvoulůžkový s možností pobytu 4/5 osob dvouúrovňový pokoj s mezipodlažím 2 postele 90/200 cm možné přistýlky – rozkládací pohovka 140/200 cm a postel 90/200 cm na přání dětská postýlka klimatizace, rekuperace minibar, elektrická rychlovarná konvice ručníky, fén velmi rychlé WiFi 500 Mb/s (optika) okna směrem ke kopci s jabloní 1. patro ve Staré&#8230;</p>

Dvoulůžkový pokoj | 42 m2 | třída premium | klimatizace

Dvojka premium | č. 24 | 42 m2 | Stará Vozovna | Villa Greta | Pokoj s klimatizací a rekuperací | Možnost pobytu až pro 5 osob | Výhled na louku

Obojí

Vozovna, první patro
