{"id":26437,"date":"2022-05-25T11:06:23","date_gmt":"2022-05-25T09:06:23","guid":{"rendered":"https:\/\/www.villagreta.pl\/galerie\/restaurant\/"},"modified":"2026-08-10T00:38:52","modified_gmt":"2026-08-09T22:38:52","slug":"restaurant","status":"publish","type":"page","link":"https:\/\/www.villagreta.pl\/de\/galerie\/restaurant\/","title":{"rendered":"Hallen und Garten"},"content":{"rendered":"","protected":false},"excerpt":{"rendered":"","protected":false},"author":1,"featured_media":8795,"parent":26417,"menu_order":0,"comment_status":"closed","ping_status":"closed","template":"","meta":{"_acf_changed":false,"_seopress_titles_title":"Restaurantr\u00e4ume | Kutscherhaus | Garten mit Sonnenschirmen","_seopress_titles_desc":"Schau Dir die Restaurantr\u00e4ume an| Garten mit Pavillons, Pergola und Sonnenschirmen | Rustikales Kutschenhaus | Der gr\u00f6\u00dfte Restaurantgarten | Niederschlesien","_seopress_robots_index":"","_seopress_robots_follow":"","_seopress_robots_imageindex":"","_seopress_robots_snippet":"","_seopress_robots_primary_cat":"","_seopress_robots_breadcrumbs":"","_seopress_robots_freeze_modified_date":"","_seopress_robots_custom_modified_date":"","_seopress_robots_canonical":"","_seopress_social_fb_title":"","_seopress_social_fb_desc":"","_seopress_social_fb_img":"","_seopress_social_fb_img_attachment_id":0,"_seopress_social_fb_img_width":0,"_seopress_social_fb_img_height":0,"_seopress_social_twitter_title":"","_seopress_social_twitter_desc":"","_seopress_social_twitter_img":"","_seopress_social_twitter_img_attachment_id":0,"_seopress_social_twitter_img_width":0,"_seopress_social_twitter_img_height":0,"_seopress_redirections_value":"","_seopress_redirections_enabled":"","_seopress_redirections_enabled_regex":"","_seopress_redirections_logged_status":"beide","_seopress_redirections_param":"","_seopress_redirections_type":301,"_seopress_analysis_target_kw":"Restaurantr\u00e4ume","_seopress_news_disabled":"","_seopress_video_disabled":"","_seopress_video":[],"_seopress_pro_schemas_manual":[],"_seopress_pro_rich_snippets_disable_all":"","_seopress_pro_rich_snippets_disable":[],"_seopress_pro_schemas":[],"inline_featured_image":false,"footnotes":""},"vg_page_category":[],"class_list":["post-26437","page","type-page","status-publish","has-post-thumbnail"],"acf":{"vg_gallery_decor":25350,"vg_gallery_upper_title":"Unsere Hallen, f\u00fcr Sommer und Winter","vg_gallery_lower_title":"Raum f\u00fcr jeden Anlass"},"_links":{"self":[{"href":"https:\/\/www.villagreta.pl\/de\/wp-json\/wp\/v2\/pages\/26437","targetHints":{"allow":["GET"]}}],"collection":[{"href":"https:\/\/www.villagreta.pl\/de\/wp-json\/wp\/v2\/pages"}],"about":[{"href":"https:\/\/www.villagreta.pl\/de\/wp-json\/wp\/v2\/types\/page"}],"author":[{"embeddable":true,"href":"https:\/\/www.villagreta.pl\/de\/wp-json\/wp\/v2\/users\/1"}],"replies":[{"embeddable":true,"href":"https:\/\/www.villagreta.pl\/de\/wp-json\/wp\/v2\/comments?post=26437"}],"version-history":[{"count":0,"href":"https:\/\/www.villagreta.pl\/de\/wp-json\/wp\/v2\/pages\/26437\/revisions"}],"up":[{"embeddable":true,"href":"https:\/\/www.villagreta.pl\/de\/wp-json\/wp\/v2\/pages\/26417"}],"wp:featuredmedia":[{"embeddable":true,"href":"https:\/\/www.villagreta.pl\/de\/wp-json\/wp\/v2\/media\/8795"}],"wp:attachment":[{"href":"https:\/\/www.villagreta.pl\/de\/wp-json\/wp\/v2\/media?parent=26437"}],"wp:term":[{"taxonomy":"vg_page_category","embeddable":true,"href":"https:\/\/www.villagreta.pl\/de\/wp-json\/wp\/v2\/vg_page_category?post=26437"}],"curies":[{"name":"wp","href":"https:\/\/api.w.org\/{rel}","templated":true}]}}

Restauranträume | Kutscherhaus | Garten mit Sonnenschirmen

Schau Dir die Restauranträume an| Garten mit Pavillons, Pergola und Sonnenschirmen | Rustikales Kutschenhaus | Der größte Restaurantgarten | Niederschlesien

Restauranträume

Unsere Hallen, für Sommer und Winter

Raum für jeden Anlass
