{"id":26448,"date":"2022-03-12T14:40:14","date_gmt":"2022-03-12T13:40:14","guid":{"rendered":"https:\/\/www.villagreta.pl\/galerie\/zimmer\/arnolds-haus\/"},"modified":"2026-08-10T00:38:53","modified_gmt":"2026-08-09T22:38:53","slug":"arnolds-haus","status":"publish","type":"page","link":"https:\/\/www.villagreta.pl\/de\/zimmer\/arnolds-haus\/","title":{"rendered":"Arnold-Haus"},"content":{"rendered":"<ul>\n<li><a href=\"https:\/\/www.villagreta.pl\/de\/zimmer\/\">4 Apartments<\/a> f\u00fcr 4 Personen, insgesamt f\u00fcr 16 Personen oder mit Zustellbetten f\u00fcr 20 Personen<\/li>\n<li>16 Betten 90\/200 cm<\/li>\n<li>4 Zustellbetten m\u00f6glich (gegen Geb\u00fchr)<\/li>\n<li>Handt\u00fccher<\/li>\n<li>WiFi 40 Mbit\/s (Glasfaser)<\/li>\n<li>Die Anmietung aller Wohnungen im Arnold-Haus verpflichtet zur Einhaltung der Nachtruhe im Innenhof und in den Speises\u00e4len<\/li>\n<li>zus\u00e4tzliche Vermietung von zwei <a href=\"https:\/\/www.villagreta.pl\/de\/galerie\/restaurant\/\">S\u00e4len im Arnold-Haus<\/a> mit Fl\u00e4chen von 42 m\u00b2 und 32 m\u00b2 m\u00f6glich<\/li>\n<li>Sehen Sie sich das Angebot f\u00fcr die exklusive Anmietung des gesamten Objekts an, d. h. <a href=\"https:\/\/www.villagreta.pl\/de\/zimmer\/gesamte-anlage\/\">Villa Greta + Haus Arnold<\/a><\/li>\n<\/ul>\n","protected":false},"excerpt":{"rendered":"<p>4 Apartments f\u00fcr 4 Personen, insgesamt f\u00fcr 16 Personen oder mit Zustellbetten f\u00fcr 20 Personen 16 Betten 90\/200 cm 4 Zustellbetten m\u00f6glich (gegen Geb\u00fchr) Handt\u00fccher WiFi 40 Mbit\/s (Glasfaser) Die Anmietung aller Wohnungen im Arnold-Haus verpflichtet zur Einhaltung der Nachtruhe im Innenhof und in den Speises\u00e4len zus\u00e4tzliche Vermietung von zwei S\u00e4len im Arnold-Haus mit Fl\u00e4chen&#8230;<\/p>\n","protected":false},"author":2,"featured_media":8466,"parent":26443,"menu_order":6,"comment_status":"closed","ping_status":"closed","template":"","meta":{"_acf_changed":false,"_seopress_titles_title":"Haus exklusiv mieten| Arnold-Haus | F\u00fcr 16 - 20 Personen | Preisliste","_seopress_titles_desc":"4 Ferienwohnungen im Arnold-Haus | Anmietung der gesamten Anlage | 4 Ferienwohnungen | 210 m\u00b2 Wohnfl\u00e4che| Exklusives Haus f\u00fcr 16 \/ 20 Personen | Niederschlesien | Polen","_seopress_robots_index":"","_seopress_robots_follow":"","_seopress_robots_imageindex":"","_seopress_robots_snippet":"","_seopress_robots_primary_cat":"","_seopress_robots_breadcrumbs":"","_seopress_robots_freeze_modified_date":"","_seopress_robots_custom_modified_date":"","_seopress_robots_canonical":"","_seopress_social_fb_title":"","_seopress_social_fb_desc":"","_seopress_social_fb_img":"","_seopress_social_fb_img_attachment_id":0,"_seopress_social_fb_img_width":0,"_seopress_social_fb_img_height":0,"_seopress_social_twitter_title":"","_seopress_social_twitter_desc":"","_seopress_social_twitter_img":"","_seopress_social_twitter_img_attachment_id":0,"_seopress_social_twitter_img_width":0,"_seopress_social_twitter_img_height":0,"_seopress_redirections_value":"","_seopress_redirections_enabled":"","_seopress_redirections_enabled_regex":"","_seopress_redirections_logged_status":"beide","_seopress_redirections_param":"","_seopress_redirections_type":301,"_seopress_analysis_target_kw":"Haus exklusiv mieten","_seopress_news_disabled":"","_seopress_video_disabled":"","_seopress_video":[],"_seopress_pro_schemas_manual":[],"_seopress_pro_rich_snippets_disable_all":"","_seopress_pro_rich_snippets_disable":[],"_seopress_pro_schemas":[],"inline_featured_image":false,"footnotes":""},"vg_page_category":[140],"class_list":["post-26448","page","type-page","status-publish","has-post-thumbnail","vg_page_category-dom"],"acf":{"p_cena_sw":2400,"p_cena_sn":"","p_ilosc_osob":"20","p_lozka":20,"p_lozka_podwojne":"","p_powierzchnia":200,"p_polozenie":"Alle Wohnungen","p_typ":"dom-arnolda","p_dodatki_aneks":true,"p_rzut":20269},"_links":{"self":[{"href":"https:\/\/www.villagreta.pl\/de\/wp-json\/wp\/v2\/pages\/26448","targetHints":{"allow":["GET"]}}],"collection":[{"href":"https:\/\/www.villagreta.pl\/de\/wp-json\/wp\/v2\/pages"}],"about":[{"href":"https:\/\/www.villagreta.pl\/de\/wp-json\/wp\/v2\/types\/page"}],"author":[{"embeddable":true,"href":"https:\/\/www.villagreta.pl\/de\/wp-json\/wp\/v2\/users\/2"}],"replies":[{"embeddable":true,"href":"https:\/\/www.villagreta.pl\/de\/wp-json\/wp\/v2\/comments?post=26448"}],"version-history":[{"count":0,"href":"https:\/\/www.villagreta.pl\/de\/wp-json\/wp\/v2\/pages\/26448\/revisions"}],"up":[{"embeddable":true,"href":"https:\/\/www.villagreta.pl\/de\/wp-json\/wp\/v2\/pages\/26443"}],"wp:featuredmedia":[{"embeddable":true,"href":"https:\/\/www.villagreta.pl\/de\/wp-json\/wp\/v2\/media\/8466"}],"wp:attachment":[{"href":"https:\/\/www.villagreta.pl\/de\/wp-json\/wp\/v2\/media?parent=26448"}],"wp:term":[{"taxonomy":"vg_page_category","embeddable":true,"href":"https:\/\/www.villagreta.pl\/de\/wp-json\/wp\/v2\/vg_page_category?post=26448"}],"curies":[{"name":"wp","href":"https:\/\/api.w.org\/{rel}","templated":true}]}}

<ul>
<li><a href="https://www.villagreta.pl/de/zimmer/">4 Apartments</a> für 4 Personen, insgesamt für 16 Personen oder mit Zustellbetten für 20 Personen</li>
<li>16 Betten 90/200 cm</li>
<li>4 Zustellbetten möglich (gegen Gebühr)</li>
<li>Handtücher</li>
<li>WiFi 40 Mbit/s (Glasfaser)</li>
<li>Die Anmietung aller Wohnungen im Arnold-Haus verpflichtet zur Einhaltung der Nachtruhe im Innenhof und in den Speisesälen</li>
<li>zusätzliche Vermietung von zwei <a href="https://www.villagreta.pl/de/galerie/restaurant/">Sälen im Arnold-Haus</a> mit Flächen von 42 m² und 32 m² möglich</li>
<li>Sehen Sie sich das Angebot für die exklusive Anmietung des gesamten Objekts an, d. h. <a href="https://www.villagreta.pl/de/zimmer/gesamte-anlage/">Villa Greta + Haus Arnold</a></li>
</ul>

<p>4 Apartments für 4 Personen, insgesamt für 16 Personen oder mit Zustellbetten für 20 Personen 16 Betten 90/200 cm 4 Zustellbetten möglich (gegen Gebühr) Handtücher WiFi 40 Mbit/s (Glasfaser) Die Anmietung aller Wohnungen im Arnold-Haus verpflichtet zur Einhaltung der Nachtruhe im Innenhof und in den Speisesälen zusätzliche Vermietung von zwei Sälen im Arnold-Haus mit Flächen&#8230;</p>

Haus exklusiv mieten| Arnold-Haus | Für 16 - 20 Personen | Preisliste

4 Ferienwohnungen im Arnold-Haus | Anmietung der gesamten Anlage | 4 Ferienwohnungen | 210 m² Wohnfläche| Exklusives Haus für 16 / 20 Personen | Niederschlesien | Polen
