{"id":26458,"date":"2021-04-10T13:45:52","date_gmt":"2021-04-10T11:45:52","guid":{"rendered":"https:\/\/www.villagreta.pl\/galerie\/zimmer\/jans-zimmer\/"},"modified":"2026-08-09T09:53:50","modified_gmt":"2026-08-09T07:53:50","slug":"jans-zimmer","status":"publish","type":"page","link":"https:\/\/www.villagreta.pl\/de\/zimmer\/jans-zimmer\/","title":{"rendered":"Jans Zimmer"},"content":{"rendered":"<ul>\n<li>Dieses Zimmer war einst das Schlafzimmer von Greta und Janek &#8211; Gro\u00dfeltern der Besitzer der Villa Greta, hier zu <a href=\"https:\/\/www.villagreta.pl\/de\/geschichte-villa-greta\/\">ihrer Geschichte<\/a><\/li>\n<li>Doppelzimmer mit \u00dcbernachtungsm\u00f6glichkeit f\u00fcr 3 Personen<\/li>\n<li>2 Betten 90\/200 cm<\/li>\n<li>M\u00f6glichkeit eines Zustellbettes 90\/200 cm oder eines Kinderbettes f\u00fcr ein Baby<\/li>\n<li>Handt\u00fccher, F\u00f6n<\/li>\n<li>WiFi 40 Mbit\/s (Glasfaser)<\/li>\n<li>Fenster zum Hof; Richtung Osten<\/li>\n<li>erster Stock in Villa Greta<\/li>\n<\/ul>\n","protected":false},"excerpt":{"rendered":"<p>Dieses Zimmer war einst das Schlafzimmer von Greta und Janek &#8211; Gro\u00dfeltern der Besitzer der Villa Greta, hier zu ihrer Geschichte Doppelzimmer mit \u00dcbernachtungsm\u00f6glichkeit f\u00fcr 3 Personen 2 Betten 90\/200 cm M\u00f6glichkeit eines Zustellbettes 90\/200 cm oder eines Kinderbettes f\u00fcr ein Baby Handt\u00fccher, F\u00f6n WiFi 40 Mbit\/s (Glasfaser) Fenster zum Hof; Richtung Osten erster Stock&#8230;<\/p>\n","protected":false},"author":1,"featured_media":33191,"parent":26443,"menu_order":9,"comment_status":"closed","ping_status":"closed","template":"","meta":{"_acf_changed":false,"_seopress_titles_title":"Jans Zimmer | 2-Bett-Zimmer | 20 m2 | Zustellbett verf\u00fcgbar","_seopress_titles_desc":"Villa Greta | Jans Doppelzimmer | Mit gro\u00dfem Badezimmer | Im ersten Stock | Zimmer in Niederschlesien | Bober-Katzbach-Gebirge","_seopress_robots_index":"","_seopress_robots_follow":"","_seopress_robots_imageindex":"","_seopress_robots_snippet":"","_seopress_robots_primary_cat":"","_seopress_robots_breadcrumbs":"","_seopress_robots_freeze_modified_date":"","_seopress_robots_custom_modified_date":"","_seopress_robots_canonical":"","_seopress_social_fb_title":"","_seopress_social_fb_desc":"","_seopress_social_fb_img":"","_seopress_social_fb_img_attachment_id":0,"_seopress_social_fb_img_width":0,"_seopress_social_fb_img_height":0,"_seopress_social_twitter_title":"","_seopress_social_twitter_desc":"","_seopress_social_twitter_img":"","_seopress_social_twitter_img_attachment_id":0,"_seopress_social_twitter_img_width":0,"_seopress_social_twitter_img_height":0,"_seopress_redirections_value":"","_seopress_redirections_enabled":"","_seopress_redirections_enabled_regex":"","_seopress_redirections_logged_status":"beide","_seopress_redirections_param":"","_seopress_redirections_type":301,"_seopress_analysis_target_kw":"Jans Zimmer","_seopress_news_disabled":"","_seopress_video_disabled":"","_seopress_video":[],"_seopress_pro_schemas_manual":[],"_seopress_pro_rich_snippets_disable_all":"","_seopress_pro_rich_snippets_disable":[],"_seopress_pro_schemas":[],"inline_featured_image":false,"footnotes":""},"vg_page_category":[137],"class_list":["post-26458","page","type-page","status-publish","has-post-thumbnail","vg_page_category-dwuosobowy"],"acf":{"p_cena_sw":310,"p_cena_sn":"","p_ilosc_osob":"2","p_lozka":2,"p_lozka_podwojne":"","p_powierzchnia":20,"p_polozenie":"Villa Greta, erster Stock","p_typ":"dwuosobowy","p_dodatki_aneks":false,"p_rzut":17212},"_links":{"self":[{"href":"https:\/\/www.villagreta.pl\/de\/wp-json\/wp\/v2\/pages\/26458","targetHints":{"allow":["GET"]}}],"collection":[{"href":"https:\/\/www.villagreta.pl\/de\/wp-json\/wp\/v2\/pages"}],"about":[{"href":"https:\/\/www.villagreta.pl\/de\/wp-json\/wp\/v2\/types\/page"}],"author":[{"embeddable":true,"href":"https:\/\/www.villagreta.pl\/de\/wp-json\/wp\/v2\/users\/1"}],"replies":[{"embeddable":true,"href":"https:\/\/www.villagreta.pl\/de\/wp-json\/wp\/v2\/comments?post=26458"}],"version-history":[{"count":0,"href":"https:\/\/www.villagreta.pl\/de\/wp-json\/wp\/v2\/pages\/26458\/revisions"}],"up":[{"embeddable":true,"href":"https:\/\/www.villagreta.pl\/de\/wp-json\/wp\/v2\/pages\/26443"}],"wp:featuredmedia":[{"embeddable":true,"href":"https:\/\/www.villagreta.pl\/de\/wp-json\/wp\/v2\/media\/33191"}],"wp:attachment":[{"href":"https:\/\/www.villagreta.pl\/de\/wp-json\/wp\/v2\/media?parent=26458"}],"wp:term":[{"taxonomy":"vg_page_category","embeddable":true,"href":"https:\/\/www.villagreta.pl\/de\/wp-json\/wp\/v2\/vg_page_category?post=26458"}],"curies":[{"name":"wp","href":"https:\/\/api.w.org\/{rel}","templated":true}]}}

<ul>
<li>Dieses Zimmer war einst das Schlafzimmer von Greta und Janek &#8211; Großeltern der Besitzer der Villa Greta, hier zu <a href="https://www.villagreta.pl/de/geschichte-villa-greta/">ihrer Geschichte</a></li>
<li>Doppelzimmer mit Übernachtungsmöglichkeit für 3 Personen</li>
<li>2 Betten 90/200 cm</li>
<li>Möglichkeit eines Zustellbettes 90/200 cm oder eines Kinderbettes für ein Baby</li>
<li>Handtücher, Fön</li>
<li>WiFi 40 Mbit/s (Glasfaser)</li>
<li>Fenster zum Hof; Richtung Osten</li>
<li>erster Stock in Villa Greta</li>
</ul>

<p>Dieses Zimmer war einst das Schlafzimmer von Greta und Janek &#8211; Großeltern der Besitzer der Villa Greta, hier zu ihrer Geschichte Doppelzimmer mit Übernachtungsmöglichkeit für 3 Personen 2 Betten 90/200 cm Möglichkeit eines Zustellbettes 90/200 cm oder eines Kinderbettes für ein Baby Handtücher, Fön WiFi 40 Mbit/s (Glasfaser) Fenster zum Hof; Richtung Osten erster Stock&#8230;</p>

Jans Zimmer | 2-Bett-Zimmer | 20 m2 | Zustellbett verfügbar

Villa Greta | Jans Doppelzimmer | Mit großem Badezimmer | Im ersten Stock | Zimmer in Niederschlesien | Bober-Katzbach-Gebirge
