{"id":26463,"date":"2021-04-10T14:08:09","date_gmt":"2021-04-10T12:08:09","guid":{"rendered":"https:\/\/www.villagreta.pl\/galerie\/zimmer\/oliven-zimmer\/"},"modified":"2026-08-09T09:54:19","modified_gmt":"2026-08-09T07:54:19","slug":"oliven-zimmer","status":"publish","type":"page","link":"https:\/\/www.villagreta.pl\/de\/zimmer\/oliven-zimmer\/","title":{"rendered":"Oliven-Zimmer"},"content":{"rendered":"<ul>\n<li>Doppelzimmer mit \u00dcbernachtungsm\u00f6glichkeit f\u00fcr 3 Personen<\/li>\n<li>2 Betten 90\/200 cm<\/li>\n<li>Zusatzbett 90\/200 cm oder Babybett m\u00f6glich<\/li>\n<li>Handt\u00fccher, F\u00f6n<\/li>\n<li>WiFi 40 Mbit\/s (Glasfaser)<\/li>\n<li>Fenster zum Garten; Westen<\/li>\n<li>erster Stock in Villa Greta<\/li>\n<\/ul>\n","protected":false},"excerpt":{"rendered":"<p>Doppelzimmer mit \u00dcbernachtungsm\u00f6glichkeit f\u00fcr 3 Personen 2 Betten 90\/200 cm Zusatzbett 90\/200 cm oder Babybett m\u00f6glich Handt\u00fccher, F\u00f6n WiFi 40 Mbit\/s (Glasfaser) Fenster zum Garten; Westen erster Stock in Villa Greta<\/p>\n","protected":false},"author":1,"featured_media":6094,"parent":26443,"menu_order":11,"comment_status":"closed","ping_status":"closed","template":"","meta":{"_acf_changed":false,"_seopress_titles_title":"Olivenzimmer | Fl\u00e4che 17 m\u00b2 | Agrotourismus in den Bergen| Polen","_seopress_titles_desc":"Villa Greta | Oliven-Zimmer - Doppelzimmer | Cottages Riesengebirge | Schlesien | Preisliste | Galerie | Rustikales Hotel in Niederschlesien","_seopress_robots_index":"","_seopress_robots_follow":"","_seopress_robots_imageindex":"","_seopress_robots_snippet":"","_seopress_robots_primary_cat":"","_seopress_robots_breadcrumbs":"","_seopress_robots_freeze_modified_date":"","_seopress_robots_custom_modified_date":"","_seopress_robots_canonical":"","_seopress_social_fb_title":"","_seopress_social_fb_desc":"","_seopress_social_fb_img":"","_seopress_social_fb_img_attachment_id":0,"_seopress_social_fb_img_width":0,"_seopress_social_fb_img_height":0,"_seopress_social_twitter_title":"","_seopress_social_twitter_desc":"","_seopress_social_twitter_img":"","_seopress_social_twitter_img_attachment_id":0,"_seopress_social_twitter_img_width":0,"_seopress_social_twitter_img_height":0,"_seopress_redirections_value":"","_seopress_redirections_enabled":"","_seopress_redirections_enabled_regex":"","_seopress_redirections_logged_status":"beide","_seopress_redirections_param":"","_seopress_redirections_type":301,"_seopress_analysis_target_kw":"Oliven-Zimmer","_seopress_news_disabled":"","_seopress_video_disabled":"","_seopress_video":[],"_seopress_pro_schemas_manual":[],"_seopress_pro_rich_snippets_disable_all":"","_seopress_pro_rich_snippets_disable":[],"_seopress_pro_schemas":[],"inline_featured_image":false,"footnotes":""},"vg_page_category":[137],"class_list":["post-26463","page","type-page","status-publish","has-post-thumbnail","vg_page_category-dwuosobowy"],"acf":{"p_cena_sw":310,"p_cena_sn":"","p_ilosc_osob":"2","p_lozka":2,"p_lozka_podwojne":"","p_powierzchnia":17,"p_polozenie":"Villa Greta, erster Stock","p_typ":"dwuosobowy","p_dodatki_aneks":false,"p_rzut":17228},"_links":{"self":[{"href":"https:\/\/www.villagreta.pl\/de\/wp-json\/wp\/v2\/pages\/26463","targetHints":{"allow":["GET"]}}],"collection":[{"href":"https:\/\/www.villagreta.pl\/de\/wp-json\/wp\/v2\/pages"}],"about":[{"href":"https:\/\/www.villagreta.pl\/de\/wp-json\/wp\/v2\/types\/page"}],"author":[{"embeddable":true,"href":"https:\/\/www.villagreta.pl\/de\/wp-json\/wp\/v2\/users\/1"}],"replies":[{"embeddable":true,"href":"https:\/\/www.villagreta.pl\/de\/wp-json\/wp\/v2\/comments?post=26463"}],"version-history":[{"count":0,"href":"https:\/\/www.villagreta.pl\/de\/wp-json\/wp\/v2\/pages\/26463\/revisions"}],"up":[{"embeddable":true,"href":"https:\/\/www.villagreta.pl\/de\/wp-json\/wp\/v2\/pages\/26443"}],"wp:featuredmedia":[{"embeddable":true,"href":"https:\/\/www.villagreta.pl\/de\/wp-json\/wp\/v2\/media\/6094"}],"wp:attachment":[{"href":"https:\/\/www.villagreta.pl\/de\/wp-json\/wp\/v2\/media?parent=26463"}],"wp:term":[{"taxonomy":"vg_page_category","embeddable":true,"href":"https:\/\/www.villagreta.pl\/de\/wp-json\/wp\/v2\/vg_page_category?post=26463"}],"curies":[{"name":"wp","href":"https:\/\/api.w.org\/{rel}","templated":true}]}}

<ul>
<li>Doppelzimmer mit Übernachtungsmöglichkeit für 3 Personen</li>
<li>2 Betten 90/200 cm</li>
<li>Zusatzbett 90/200 cm oder Babybett möglich</li>
<li>Handtücher, Fön</li>
<li>WiFi 40 Mbit/s (Glasfaser)</li>
<li>Fenster zum Garten; Westen</li>
<li>erster Stock in Villa Greta</li>
</ul>

<p>Doppelzimmer mit Übernachtungsmöglichkeit für 3 Personen 2 Betten 90/200 cm Zusatzbett 90/200 cm oder Babybett möglich Handtücher, Fön WiFi 40 Mbit/s (Glasfaser) Fenster zum Garten; Westen erster Stock in Villa Greta</p>

Olivenzimmer | Fläche 17 m² | Agrotourismus in den Bergen| Polen
