{"id":26481,"date":"2021-04-10T15:18:09","date_gmt":"2021-04-10T13:18:09","guid":{"rendered":"https:\/\/www.villagreta.pl\/galerie\/regional-kueche\/slow-food-de\/"},"modified":"2026-08-09T09:55:49","modified_gmt":"2026-08-09T07:55:49","slug":"slow-food-de","status":"publish","type":"page","link":"https:\/\/www.villagreta.pl\/de\/galerie\/regionale-kueche\/slow-food-de\/","title":{"rendered":"Obstg\u00e4rten, Gem\u00fcse- und Kr\u00e4utergarten"},"content":{"rendered":"","protected":false},"excerpt":{"rendered":"","protected":false},"author":1,"featured_media":17356,"parent":26472,"menu_order":60,"comment_status":"closed","ping_status":"closed","template":"","meta":{"_acf_changed":false,"_seopress_titles_title":"Woraus wir kochen | Villa Greta | Slow Food Niederschlesien","_seopress_titles_desc":"Gem\u00fcse und Kr\u00e4utergarten der Villa Greta | Unsere Produkte | Restaurant mit gesundem Essen | Slow-Food | Land der erloschenen Vulkane","_seopress_robots_index":"","_seopress_robots_follow":"","_seopress_robots_imageindex":"","_seopress_robots_snippet":"","_seopress_robots_primary_cat":"","_seopress_robots_breadcrumbs":"","_seopress_robots_freeze_modified_date":"","_seopress_robots_custom_modified_date":"","_seopress_robots_canonical":"","_seopress_social_fb_title":"","_seopress_social_fb_desc":"","_seopress_social_fb_img":"","_seopress_social_fb_img_attachment_id":0,"_seopress_social_fb_img_width":0,"_seopress_social_fb_img_height":0,"_seopress_social_twitter_title":"","_seopress_social_twitter_desc":"","_seopress_social_twitter_img":"","_seopress_social_twitter_img_attachment_id":0,"_seopress_social_twitter_img_width":0,"_seopress_social_twitter_img_height":0,"_seopress_redirections_value":"","_seopress_redirections_enabled":"","_seopress_redirections_enabled_regex":"","_seopress_redirections_logged_status":"beide","_seopress_redirections_param":"","_seopress_redirections_type":301,"_seopress_analysis_target_kw":"","_seopress_news_disabled":"","_seopress_video_disabled":"","_seopress_video":[],"_seopress_pro_schemas_manual":[],"_seopress_pro_rich_snippets_disable_all":"","_seopress_pro_rich_snippets_disable":[],"_seopress_pro_schemas":[],"inline_featured_image":false,"footnotes":""},"vg_page_category":[143],"class_list":["post-26481","page","type-page","status-publish","has-post-thumbnail","vg_page_category-galeria"],"acf":{"vg_gallery_decor":3936,"vg_gallery_upper_title":"Obst, Gem\u00fcse und Kr\u00e4uter","vg_gallery_lower_title":"Aus dem Garten auf den Tisch"},"_links":{"self":[{"href":"https:\/\/www.villagreta.pl\/de\/wp-json\/wp\/v2\/pages\/26481","targetHints":{"allow":["GET"]}}],"collection":[{"href":"https:\/\/www.villagreta.pl\/de\/wp-json\/wp\/v2\/pages"}],"about":[{"href":"https:\/\/www.villagreta.pl\/de\/wp-json\/wp\/v2\/types\/page"}],"author":[{"embeddable":true,"href":"https:\/\/www.villagreta.pl\/de\/wp-json\/wp\/v2\/users\/1"}],"replies":[{"embeddable":true,"href":"https:\/\/www.villagreta.pl\/de\/wp-json\/wp\/v2\/comments?post=26481"}],"version-history":[{"count":0,"href":"https:\/\/www.villagreta.pl\/de\/wp-json\/wp\/v2\/pages\/26481\/revisions"}],"up":[{"embeddable":true,"href":"https:\/\/www.villagreta.pl\/de\/wp-json\/wp\/v2\/pages\/26472"}],"wp:featuredmedia":[{"embeddable":true,"href":"https:\/\/www.villagreta.pl\/de\/wp-json\/wp\/v2\/media\/17356"}],"wp:attachment":[{"href":"https:\/\/www.villagreta.pl\/de\/wp-json\/wp\/v2\/media?parent=26481"}],"wp:term":[{"taxonomy":"vg_page_category","embeddable":true,"href":"https:\/\/www.villagreta.pl\/de\/wp-json\/wp\/v2\/vg_page_category?post=26481"}],"curies":[{"name":"wp","href":"https:\/\/api.w.org\/{rel}","templated":true}]}}

Obstgärten, Gemüse- und Kräutergarten

Gemüse und Kräutergarten der Villa Greta | Unsere Produkte | Restaurant mit gesundem Essen | Slow-Food | Land der erloschenen Vulkane

Obst, Gemüse und Kräuter
