{"id":26487,"date":"2021-04-10T14:21:06","date_gmt":"2021-04-10T12:21:06","guid":{"rendered":"https:\/\/www.villagreta.pl\/fruehling\/"},"modified":"2026-08-09T09:54:29","modified_gmt":"2026-08-09T07:54:29","slug":"fruehling","status":"publish","type":"page","link":"https:\/\/www.villagreta.pl\/de\/galerie\/jahreszeiten\/fruehling\/","title":{"rendered":"Fr\u00fchling"},"content":{"rendered":"","protected":false},"excerpt":{"rendered":"","protected":false},"author":1,"featured_media":20085,"parent":26488,"menu_order":10,"comment_status":"closed","ping_status":"closed","template":"","meta":{"_acf_changed":false,"_seopress_titles_title":"Fr\u00fchling in Dobk\u00f3w | Gesang von V\u00f6geln | Gr\u00fcnes Gras","_seopress_titles_desc":"Fr\u00fchling | Land der erloschenen Vulkane | Das erste gr\u00fcne Gras | Das Labyrinth m\u00e4hen Aussaat | Gem\u00fcse | Bl\u00fchende Obstgarten | Sch\u00f6n","_seopress_robots_index":"","_seopress_robots_follow":"","_seopress_robots_imageindex":"","_seopress_robots_snippet":"","_seopress_robots_primary_cat":"","_seopress_robots_breadcrumbs":"","_seopress_robots_freeze_modified_date":"","_seopress_robots_custom_modified_date":"","_seopress_robots_canonical":"","_seopress_social_fb_title":"","_seopress_social_fb_desc":"","_seopress_social_fb_img":"","_seopress_social_fb_img_attachment_id":0,"_seopress_social_fb_img_width":0,"_seopress_social_fb_img_height":0,"_seopress_social_twitter_title":"","_seopress_social_twitter_desc":"","_seopress_social_twitter_img":"","_seopress_social_twitter_img_attachment_id":0,"_seopress_social_twitter_img_width":0,"_seopress_social_twitter_img_height":0,"_seopress_redirections_value":"","_seopress_redirections_enabled":"","_seopress_redirections_enabled_regex":"","_seopress_redirections_logged_status":"beide","_seopress_redirections_param":"","_seopress_redirections_type":301,"_seopress_analysis_target_kw":"","_seopress_news_disabled":"","_seopress_video_disabled":"","_seopress_video":[],"_seopress_pro_schemas_manual":[],"_seopress_pro_rich_snippets_disable_all":"","_seopress_pro_rich_snippets_disable":[],"_seopress_pro_schemas":[],"inline_featured_image":false,"footnotes":""},"vg_page_category":[143],"class_list":["post-26487","page","type-page","status-publish","has-post-thumbnail","vg_page_category-galeria"],"acf":{"vg_gallery_decor":19861,"vg_gallery_upper_title":"Fr\u00fchling in Greta","vg_gallery_lower_title":"V\u00f6gel singen, ein bl\u00fchender Obstgarten, das erste M\u00e4hen des Labyrinths..."},"_links":{"self":[{"href":"https:\/\/www.villagreta.pl\/de\/wp-json\/wp\/v2\/pages\/26487","targetHints":{"allow":["GET"]}}],"collection":[{"href":"https:\/\/www.villagreta.pl\/de\/wp-json\/wp\/v2\/pages"}],"about":[{"href":"https:\/\/www.villagreta.pl\/de\/wp-json\/wp\/v2\/types\/page"}],"author":[{"embeddable":true,"href":"https:\/\/www.villagreta.pl\/de\/wp-json\/wp\/v2\/users\/1"}],"replies":[{"embeddable":true,"href":"https:\/\/www.villagreta.pl\/de\/wp-json\/wp\/v2\/comments?post=26487"}],"version-history":[{"count":0,"href":"https:\/\/www.villagreta.pl\/de\/wp-json\/wp\/v2\/pages\/26487\/revisions"}],"up":[{"embeddable":true,"href":"https:\/\/www.villagreta.pl\/de\/wp-json\/wp\/v2\/pages\/26488"}],"wp:featuredmedia":[{"embeddable":true,"href":"https:\/\/www.villagreta.pl\/de\/wp-json\/wp\/v2\/media\/20085"}],"wp:attachment":[{"href":"https:\/\/www.villagreta.pl\/de\/wp-json\/wp\/v2\/media?parent=26487"}],"wp:term":[{"taxonomy":"vg_page_category","embeddable":true,"href":"https:\/\/www.villagreta.pl\/de\/wp-json\/wp\/v2\/vg_page_category?post=26487"}],"curies":[{"name":"wp","href":"https:\/\/api.w.org\/{rel}","templated":true}]}}

Frühling

Frühling in Dobków | Gesang von Vögeln | Grünes Gras

Frühling | Land der erloschenen Vulkane | Das erste grüne Gras | Das Labyrinth mähen Aussaat | Gemüse | Blühende Obstgarten | Schön

Frühling in Greta

Vögel singen, ein blühender Obstgarten, das erste Mähen des Labyrinths...
